|
Server IP : 162.240.221.145 / Your IP : 216.73.216.26 Web Server : Apache System : Linux server.getmad.today 3.10.0-1160.76.1.el7.x86_64 #1 SMP Wed Aug 10 16:21:17 UTC 2022 x86_64 User : getmadto ( 1003) PHP Version : 7.4.33 Disable Function : exec,passthru,shell_exec,system MySQL : OFF | cURL : ON | WGET : ON | Perl : ON | Python : ON Directory (0750) : /home/getmadto/public_html/../access-logs/ |
| [ Home ] | [ C0mmand ] | [ Upload File ] |
|---|
209.222.82.6 - - [16/Apr/2026:06:10:58 -0600] "GET / HTTP/1.0" 301 - "-" "Mozilla/4.0 (compatible; MSIE 8.0; Windows NT 6.1; WOW64; Trident/4.0; SLCC2; .NET CLR 2.0.50727; .NET CLR 3.5.30729; .NET CLR 3.0.30729)"
162.240.221.145 - - [16/Apr/2026:06:11:00 -0600] "POST /wp-cron.php?doing_wp_cron=1776341460.1056220531463623046875 HTTP/1.1" 404 8000 "-" "WordPress/6.9.4; https://thelomad.com"
209.222.82.6 - - [16/Apr/2026:06:11:01 -0600] "GET / HTTP/1.0" 301 - "-" "Mozilla/4.0 (compatible; MSIE 8.0; Windows NT 6.1; WOW64; Trident/4.0; SLCC2; .NET CLR 2.0.50727; .NET CLR 3.5.30729; .NET CLR 3.0.30729)"
66.249.65.163 - - [16/Apr/2026:06:12:52 -0600] "GET /uabcot/t11682453 HTTP/1.1" 200 177271 "-" "Mozilla/5.0 (Linux; Android 6.0.1; Nexus 5X Build/MMB29P) AppleWebKit/537.36 (KHTML, like Gecko) Chrome/146.0.7680.177 Mobile Safari/537.36 (compatible; GoogleOther)"
34.9.64.107 - - [16/Apr/2026:06:21:05 -0600] "GET / HTTP/1.1" 301 - "-" "Mozilla/5.0 (Windows NT 10.0; Win64; x64) AppleWebKit/537.36 (KHTML, like Gecko) Chrome/78.0.3904.108 Safari/537.36"
162.240.221.145 - - [16/Apr/2026:06:21:08 -0600] "POST /wp-cron.php?doing_wp_cron=1776342068.8202409744262695312500 HTTP/1.1" 404 23758 "-" "WordPress/6.9.4; https://thelomad.com"
54.187.10.223 - - [16/Apr/2026:06:23:32 -0600] "GET / HTTP/1.1" 301 - "-" "Mozilla/5.0 (X11; Linux x86_64) AppleWebKit/537.36 (KHTML, like Gecko) Chrome/51.0.2704.103 Safari/537.36"
162.240.221.145 - - [16/Apr/2026:06:23:33 -0600] "POST /wp-cron.php?doing_wp_cron=1776342213.9754059314727783203125 HTTP/1.1" 404 8000 "-" "WordPress/6.9.4; https://thelomad.com"
100.23.220.23 - - [16/Apr/2026:06:23:51 -0600] "GET / HTTP/1.1" 301 - "-" "Mozilla/5.0 (Macintosh; Intel Mac OS X 10_15_7) AppleWebKit/605.1.15 (KHTML, like Gecko) Version/18.6 Safari/605.1.15 Ddg/18.6 Chrome/141.0.0.0"
66.249.65.163 - - [16/Apr/2026:06:29:13 -0600] "GET /oxichf/t116342522 HTTP/1.1" 200 169741 "-" "Mozilla/5.0 (Linux; Android 6.0.1; Nexus 5X Build/MMB29P) AppleWebKit/537.36 (KHTML, like Gecko) Chrome/146.0.7680.177 Mobile Safari/537.36 (compatible; GoogleOther)"
209.222.82.6 - - [16/Apr/2026:06:29:44 -0600] "GET / HTTP/1.0" 301 - "-" "Mozilla/4.0 (compatible; MSIE 8.0; Windows NT 6.1; WOW64; Trident/4.0; SLCC2; .NET CLR 2.0.50727; .NET CLR 3.5.30729; .NET CLR 3.0.30729)"
209.222.82.6 - - [16/Apr/2026:06:29:46 -0600] "GET / HTTP/1.0" 301 - "-" "Mozilla/4.0 (compatible; MSIE 8.0; Windows NT 6.1; WOW64; Trident/4.0; SLCC2; .NET CLR 2.0.50727; .NET CLR 3.5.30729; .NET CLR 3.0.30729)"
209.222.82.6 - - [16/Apr/2026:06:29:47 -0600] "GET / HTTP/1.0" 301 - "-" "Mozilla/4.0 (compatible; MSIE 8.0; Windows NT 6.1; WOW64; Trident/4.0; SLCC2; .NET CLR 2.0.50727; .NET CLR 3.5.30729; .NET CLR 3.0.30729)"
66.249.65.162 - - [16/Apr/2026:06:30:00 -0600] "GET /oxichf/t116342522 HTTP/1.1" 200 169212 "-" "Mozilla/5.0 (Linux; Android 6.0.1; Nexus 5X Build/MMB29P) AppleWebKit/537.36 (KHTML, like Gecko) Chrome/146.0.7680.177 Mobile Safari/537.36 (compatible; Googlebot/2.1; +http://www.google.com/bot.html)"
54.197.191.106 - - [16/Apr/2026:06:29:58 -0600] "GET / HTTP/1.1" 301 - "-" "Mozilla/5.0 (Windows NT 10.0; Win64; x64) AppleWebKit/537.36 (KHTML, like Gecko) Chrome/139.0.0.0 Safari/537.36"
54.197.191.106 - - [16/Apr/2026:06:29:58 -0600] "GET / HTTP/1.1" 301 - "-" "Mozilla/5.0 (Windows NT 10.0; Win64; x64) AppleWebKit/537.36 (KHTML, like Gecko) Chrome/139.0.0.0 Safari/537.36"
54.197.191.106 - - [16/Apr/2026:06:29:58 -0600] "GET / HTTP/1.1" 301 - "-" "Mozilla/5.0 (Windows NT 10.0; Win64; x64) AppleWebKit/537.36 (KHTML, like Gecko) Chrome/139.0.0.0 Safari/537.36"
3.135.209.19 - - [16/Apr/2026:06:29:59 -0600] "GET / HTTP/1.1" 301 - "-" "Mozilla/5.0 (Windows NT 10.0; Win64; x64) AppleWebKit/537.36 (KHTML, like Gecko) Chrome/139.0.0.0 Safari/537.36"
3.135.209.19 - - [16/Apr/2026:06:29:59 -0600] "GET / HTTP/1.1" 301 - "-" "Mozilla/5.0 (Windows NT 10.0; Win64; x64) AppleWebKit/537.36 (KHTML, like Gecko) Chrome/139.0.0.0 Safari/537.36"
54.165.25.170 - - [16/Apr/2026:06:29:59 -0600] "GET / HTTP/1.1" 301 - "-" "Mozilla/5.0 (Windows NT 10.0; Win64; x64) AppleWebKit/537.36 (KHTML, like Gecko) Chrome/139.0.0.0 Safari/537.36"
98.84.29.105 - - [16/Apr/2026:06:29:59 -0600] "GET / HTTP/1.1" 301 - "-" "Mozilla/5.0 (Windows NT 10.0; Win64; x64) AppleWebKit/537.36 (KHTML, like Gecko) Chrome/139.0.0.0 Safari/537.36"
3.136.116.213 - - [16/Apr/2026:06:29:59 -0600] "GET / HTTP/1.1" 301 - "-" "Mozilla/5.0 (Windows NT 10.0; Win64; x64) AppleWebKit/537.36 (KHTML, like Gecko) Chrome/139.0.0.0 Safari/537.36"
54.165.25.170 - - [16/Apr/2026:06:29:59 -0600] "GET / HTTP/1.1" 301 - "-" "Mozilla/5.0 (Windows NT 10.0; Win64; x64) AppleWebKit/537.36 (KHTML, like Gecko) Chrome/139.0.0.0 Safari/537.36"
18.217.167.142 - - [16/Apr/2026:06:29:59 -0600] "GET / HTTP/1.1" 301 - "-" "Mozilla/5.0 (Windows NT 10.0; Win64; x64) AppleWebKit/537.36 (KHTML, like Gecko) Chrome/139.0.0.0 Safari/537.36"
3.136.116.213 - - [16/Apr/2026:06:29:59 -0600] "GET / HTTP/1.1" 301 - "-" "Mozilla/5.0 (Windows NT 10.0; Win64; x64) AppleWebKit/537.36 (KHTML, like Gecko) Chrome/139.0.0.0 Safari/537.36"
3.139.57.97 - - [16/Apr/2026:06:29:59 -0600] "GET / HTTP/1.1" 301 - "-" "Mozilla/5.0 (Windows NT 10.0; Win64; x64) AppleWebKit/537.36 (KHTML, like Gecko) Chrome/139.0.0.0 Safari/537.36"
18.217.167.142 - - [16/Apr/2026:06:29:59 -0600] "GET / HTTP/1.1" 301 - "-" "Mozilla/5.0 (Windows NT 10.0; Win64; x64) AppleWebKit/537.36 (KHTML, like Gecko) Chrome/139.0.0.0 Safari/537.36"
3.139.57.97 - - [16/Apr/2026:06:29:59 -0600] "GET / HTTP/1.1" 301 - "-" "Mozilla/5.0 (Windows NT 10.0; Win64; x64) AppleWebKit/537.36 (KHTML, like Gecko) Chrome/139.0.0.0 Safari/537.36"
98.84.29.105 - - [16/Apr/2026:06:29:59 -0600] "GET / HTTP/1.1" 301 - "-" "Mozilla/5.0 (Windows NT 10.0; Win64; x64) AppleWebKit/537.36 (KHTML, like Gecko) Chrome/139.0.0.0 Safari/537.36"
3.135.209.19 - - [16/Apr/2026:06:29:59 -0600] "GET / HTTP/1.1" 301 - "-" "Mozilla/5.0 (Windows NT 10.0; Win64; x64) AppleWebKit/537.36 (KHTML, like Gecko) Chrome/139.0.0.0 Safari/537.36"
3.139.57.97 - - [16/Apr/2026:06:29:59 -0600] "GET / HTTP/1.1" 301 - "-" "Mozilla/5.0 (Windows NT 10.0; Win64; x64) AppleWebKit/537.36 (KHTML, like Gecko) Chrome/139.0.0.0 Safari/537.36"
98.84.29.105 - - [16/Apr/2026:06:29:59 -0600] "GET / HTTP/1.1" 301 - "-" "Mozilla/5.0 (Windows NT 10.0; Win64; x64) AppleWebKit/537.36 (KHTML, like Gecko) Chrome/139.0.0.0 Safari/537.36"
3.136.116.213 - - [16/Apr/2026:06:29:59 -0600] "GET / HTTP/1.1" 301 - "-" "Mozilla/5.0 (Windows NT 10.0; Win64; x64) AppleWebKit/537.36 (KHTML, like Gecko) Chrome/139.0.0.0 Safari/537.36"
18.217.167.142 - - [16/Apr/2026:06:29:59 -0600] "GET / HTTP/1.1" 301 - "-" "Mozilla/5.0 (Windows NT 10.0; Win64; x64) AppleWebKit/537.36 (KHTML, like Gecko) Chrome/139.0.0.0 Safari/537.36"
3.134.100.249 - - [16/Apr/2026:06:30:00 -0600] "GET / HTTP/1.1" 301 - "-" "Mozilla/5.0 (Windows NT 10.0; Win64; x64) AppleWebKit/537.36 (KHTML, like Gecko) Chrome/139.0.0.0 Safari/537.36"
3.134.100.249 - - [16/Apr/2026:06:30:00 -0600] "GET / HTTP/1.1" 301 - "-" "Mozilla/5.0 (Windows NT 10.0; Win64; x64) AppleWebKit/537.36 (KHTML, like Gecko) Chrome/139.0.0.0 Safari/537.36"
54.165.25.170 - - [16/Apr/2026:06:29:59 -0600] "GET / HTTP/1.1" 301 - "-" "Mozilla/5.0 (Windows NT 10.0; Win64; x64) AppleWebKit/537.36 (KHTML, like Gecko) Chrome/139.0.0.0 Safari/537.36"
3.134.100.249 - - [16/Apr/2026:06:30:00 -0600] "GET / HTTP/1.1" 301 - "-" "Mozilla/5.0 (Windows NT 10.0; Win64; x64) AppleWebKit/537.36 (KHTML, like Gecko) Chrome/139.0.0.0 Safari/537.36"
162.240.221.145 - - [16/Apr/2026:06:30:21 -0600] "POST /wp-cron.php?doing_wp_cron=1776342621.3485929965972900390625 HTTP/1.1" 404 23758 "-" "WordPress/6.9.4; https://thelomad.com"
162.240.221.145 - - [16/Apr/2026:06:30:20 -0600] "POST /wp-cron.php?doing_wp_cron=1776342619.9909749031066894531250 HTTP/1.1" 404 23758 "-" "WordPress/6.9.4; https://thelomad.com"
162.240.221.145 - - [16/Apr/2026:06:30:20 -0600] "POST /wp-cron.php?doing_wp_cron=1776342620.2957990169525146484375 HTTP/1.1" 404 23758 "-" "WordPress/6.9.4; https://thelomad.com"
162.240.221.145 - - [16/Apr/2026:06:30:20 -0600] "POST /wp-cron.php?doing_wp_cron=1776342620.4525868892669677734375 HTTP/1.1" 404 23758 "-" "WordPress/6.9.4; https://thelomad.com"
162.240.221.145 - - [16/Apr/2026:06:30:21 -0600] "POST /wp-cron.php?doing_wp_cron=1776342620.9627780914306640625000 HTTP/1.1" 404 23758 "-" "WordPress/6.9.4; https://thelomad.com"
162.240.221.145 - - [16/Apr/2026:06:30:20 -0600] "POST /wp-cron.php?doing_wp_cron=1776342620.1345999240875244140625 HTTP/1.1" 404 23758 "-" "WordPress/6.9.4; https://thelomad.com"
162.240.221.145 - - [16/Apr/2026:06:30:21 -0600] "POST /wp-cron.php?doing_wp_cron=1776342620.8732650279998779296875 HTTP/1.1" 404 8000 "-" "WordPress/6.9.4; https://thelomad.com"
162.240.221.145 - - [16/Apr/2026:06:30:19 -0600] "POST /wp-cron.php?doing_wp_cron=1776342619.7862939834594726562500 HTTP/1.1" 404 23758 "-" "WordPress/6.9.4; https://thelomad.com"
162.240.221.145 - - [16/Apr/2026:06:30:19 -0600] "POST /wp-cron.php?doing_wp_cron=1776342619.6080629825592041015625 HTTP/1.1" 404 23758 "-" "WordPress/6.9.4; https://thelomad.com"
162.240.221.145 - - [16/Apr/2026:06:30:21 -0600] "POST /wp-cron.php?doing_wp_cron=1776342620.9472930431365966796875 HTTP/1.1" 404 23758 "-" "WordPress/6.9.4; https://thelomad.com"
162.240.221.145 - - [16/Apr/2026:06:30:20 -0600] "POST /wp-cron.php?doing_wp_cron=1776342620.4268970489501953125000 HTTP/1.1" 404 23758 "-" "WordPress/6.9.4; https://thelomad.com"
162.240.221.145 - - [16/Apr/2026:06:30:20 -0600] "POST /wp-cron.php?doing_wp_cron=1776342619.9835848808288574218750 HTTP/1.1" 404 23758 "-" "WordPress/6.9.4; https://thelomad.com"
162.240.221.145 - - [16/Apr/2026:06:30:19 -0600] "POST /wp-cron.php?doing_wp_cron=1776342619.6183168888092041015625 HTTP/1.1" 404 23758 "-" "WordPress/6.9.4; https://thelomad.com"
162.240.221.145 - - [16/Apr/2026:06:30:21 -0600] "POST /wp-cron.php?doing_wp_cron=1776342621.6692481040954589843750 HTTP/1.1" 404 23758 "-" "WordPress/6.9.4; https://thelomad.com"
162.240.221.145 - - [16/Apr/2026:06:30:21 -0600] "POST /wp-cron.php?doing_wp_cron=1776342621.1716380119323730468750 HTTP/1.1" 404 23758 "-" "WordPress/6.9.4; https://thelomad.com"
162.240.221.145 - - [16/Apr/2026:06:30:20 -0600] "POST /wp-cron.php?doing_wp_cron=1776342620.7992360591888427734375 HTTP/1.1" 404 23758 "-" "WordPress/6.9.4; https://thelomad.com"
162.240.221.145 - - [16/Apr/2026:06:30:23 -0600] "POST /wp-cron.php?doing_wp_cron=1776342623.6081140041351318359375 HTTP/1.1" 404 23758 "-" "WordPress/6.9.4; https://thelomad.com"
162.240.221.145 - - [16/Apr/2026:06:30:21 -0600] "POST /wp-cron.php?doing_wp_cron=1776342621.2719030380249023437500 HTTP/1.1" 404 23758 "-" "WordPress/6.9.4; https://thelomad.com"
162.240.221.145 - - [16/Apr/2026:06:30:21 -0600] "POST /wp-cron.php?doing_wp_cron=1776342621.1039800643920898437500 HTTP/1.1" 404 23758 "-" "WordPress/6.9.4; https://thelomad.com"
162.240.221.145 - - [16/Apr/2026:06:30:21 -0600] "POST /wp-cron.php?doing_wp_cron=1776342621.2874429225921630859375 HTTP/1.1" 404 23758 "-" "WordPress/6.9.4; https://thelomad.com"
162.240.221.145 - - [16/Apr/2026:06:30:21 -0600] "POST /wp-cron.php?doing_wp_cron=1776342621.1160039901733398437500 HTTP/1.1" 404 23758 "-" "WordPress/6.9.4; https://thelomad.com"
162.240.221.145 - - [16/Apr/2026:06:30:21 -0600] "POST /wp-cron.php?doing_wp_cron=1776342620.9641189575195312500000 HTTP/1.1" 404 23758 "-" "WordPress/6.9.4; https://thelomad.com"
162.240.221.145 - - [16/Apr/2026:06:30:21 -0600] "POST /wp-cron.php?doing_wp_cron=1776342621.3505029678344726562500 HTTP/1.1" 404 23758 "-" "WordPress/6.9.4; https://thelomad.com"
162.240.221.145 - - [16/Apr/2026:06:30:21 -0600] "POST /wp-cron.php?doing_wp_cron=1776342621.2368950843811035156250 HTTP/1.1" 404 23758 "-" "WordPress/6.9.4; https://thelomad.com"
43.157.38.228 - - [16/Apr/2026:06:33:43 -0600] "GET / HTTP/1.1" 301 - "-" "Mozilla/5.0 (iPhone; CPU iPhone OS 13_2_3 like Mac OS X) AppleWebKit/605.1.15 (KHTML, like Gecko) Version/13.0.3 Mobile/15E148 Safari/604.1"
162.240.221.145 - - [16/Apr/2026:06:33:45 -0600] "POST /wp-cron.php?doing_wp_cron=1776342825.5064539909362792968750 HTTP/1.1" 404 8000 "-" "WordPress/6.9.4; https://thelomad.com"
66.249.65.164 - - [16/Apr/2026:06:34:18 -0600] "GET /siyrej/t116239138 HTTP/1.1" 200 145521 "-" "Mozilla/5.0 (Linux; Android 6.0.1; Nexus 5X Build/MMB29P) AppleWebKit/537.36 (KHTML, like Gecko) Chrome/146.0.7680.177 Mobile Safari/537.36 (compatible; GoogleOther)"
168.169.220.224 - - [16/Apr/2026:06:36:18 -0600] "GET /lomad-vip/ HTTP/1.1" 200 167817 "-" "Mozilla/5.0 (Windows NT 10.0; WOW64; rv:91.0) Gecko/20100101 Firefox/91.0"
168.169.220.224 - - [16/Apr/2026:06:36:18 -0600] "GET /lomad-vip/ HTTP/1.1" 200 485519 "-" "Mozilla/5.0 (Windows NT 10.0; WOW64; rv:91.0) Gecko/20100101 Firefox/91.0"
168.169.220.224 - - [16/Apr/2026:06:36:18 -0600] "GET / HTTP/1.1" 301 - "-" "Mozilla/5.0 (Windows NT 10.0; WOW64; rv:91.0) Gecko/20100101 Firefox/91.0"
168.169.220.224 - - [16/Apr/2026:06:36:18 -0600] "GET / HTTP/1.1" 301 - "-" "Mozilla/5.0 (Windows NT 10.0; WOW64; rv:91.0) Gecko/20100101 Firefox/91.0"
162.240.221.145 - - [16/Apr/2026:06:36:19 -0600] "POST /wp-cron.php?doing_wp_cron=1776342979.7668380737304687500000 HTTP/1.1" 404 23758 "-" "WordPress/6.9.4; https://thelomad.com"
162.240.221.145 - - [16/Apr/2026:06:36:19 -0600] "POST /wp-cron.php?doing_wp_cron=1776342979.9611530303955078125000 HTTP/1.1" 404 23758 "-" "WordPress/6.9.4; https://thelomad.com"
168.169.220.224 - - [16/Apr/2026:06:36:21 -0600] "GET / HTTP/1.1" 301 - "-" "Mozilla/5.0 (Windows NT 10.0; WOW64; rv:91.0) Gecko/20100101 Firefox/91.0"
168.169.220.224 - - [16/Apr/2026:06:36:21 -0600] "GET / HTTP/1.1" 301 - "-" "Mozilla/5.0 (Windows NT 10.0; WOW64; rv:91.0) Gecko/20100101 Firefox/91.0"
66.249.65.163 - - [16/Apr/2026:06:40:50 -0600] "GET /kwwkbv/t116232795 HTTP/1.1" 200 157830 "-" "Mozilla/5.0 (Linux; Android 6.0.1; Nexus 5X Build/MMB29P) AppleWebKit/537.36 (KHTML, like Gecko) Chrome/146.0.7680.177 Mobile Safari/537.36 (compatible; GoogleOther)"
18.232.152.241 - - [16/Apr/2026:06:42:23 -0600] "GET /lomad-vip/ HTTP/1.1" 200 66191 "-" "Mozilla/5.0 (Windows NT 10.0; Win64; x64) AppleWebKit/537.36 (KHTML, like Gecko) Chrome/139.0.0.0 Safari/537.36"
18.232.152.241 - - [16/Apr/2026:06:42:23 -0600] "GET / HTTP/1.1" 301 - "-" "Mozilla/5.0 (Windows NT 10.0; Win64; x64) AppleWebKit/537.36 (KHTML, like Gecko) Chrome/139.0.0.0 Safari/537.36"
18.232.152.241 - - [16/Apr/2026:06:42:23 -0600] "GET / HTTP/1.1" 301 - "-" "Mozilla/5.0 (Windows NT 10.0; Win64; x64) AppleWebKit/537.36 (KHTML, like Gecko) Chrome/139.0.0.0 Safari/537.36"
162.240.221.145 - - [16/Apr/2026:06:42:25 -0600] "POST /wp-cron.php?doing_wp_cron=1776343345.1275908946990966796875 HTTP/1.1" 404 8000 "-" "WordPress/6.9.4; https://thelomad.com"
162.240.221.145 - - [16/Apr/2026:06:42:25 -0600] "POST /wp-cron.php?doing_wp_cron=1776343345.1633849143981933593750 HTTP/1.1" 404 8000 "-" "WordPress/6.9.4; https://thelomad.com"
34.9.64.107 - - [16/Apr/2026:06:43:53 -0600] "GET / HTTP/1.1" 301 - "-" "Mozilla/5.0 (Windows NT 10.0; Win64; x64) AppleWebKit/537.36 (KHTML, like Gecko) Chrome/78.0.3904.108 Safari/537.36"
216.244.66.242 - - [16/Apr/2026:06:45:15 -0600] "GET /robots.txt HTTP/1.1" 200 - "-" "Mozilla/5.0 (compatible; DotBot/1.2; +https://opensiteexplorer.org/dotbot; help@moz.com)"
66.249.65.164 - - [16/Apr/2026:06:45:40 -0600] "GET /kwwkbv/t116106881 HTTP/1.1" 200 191220 "-" "Mozilla/5.0 (Linux; Android 6.0.1; Nexus 5X Build/MMB29P) AppleWebKit/537.36 (KHTML, like Gecko) Chrome/146.0.7680.177 Mobile Safari/537.36 (compatible; GoogleOther)"
66.249.65.163 - - [16/Apr/2026:06:45:42 -0600] "GET /xgyfcg/t116139168 HTTP/1.1" 200 154158 "-" "Mozilla/5.0 (Linux; Android 6.0.1; Nexus 5X Build/MMB29P) AppleWebKit/537.36 (KHTML, like Gecko) Chrome/146.0.7680.177 Mobile Safari/537.36 (compatible; GoogleOther)"
66.249.65.164 - - [16/Apr/2026:06:46:26 -0600] "GET /kwwkbv/t116106881 HTTP/1.1" 200 191078 "-" "Mozilla/5.0 (Linux; Android 6.0.1; Nexus 5X Build/MMB29P) AppleWebKit/537.36 (KHTML, like Gecko) Chrome/146.0.7680.177 Mobile Safari/537.36 (compatible; Googlebot/2.1; +http://www.google.com/bot.html)"
216.244.66.242 - - [16/Apr/2026:06:49:11 -0600] "GET /?C=N%3BO%3DD HTTP/1.1" 200 - "-" "Mozilla/5.0 (compatible; DotBot/1.2; +https://opensiteexplorer.org/dotbot; help@moz.com)"
216.244.66.242 - - [16/Apr/2026:06:49:16 -0600] "GET /?refPageViewId=6c2f55711262e364 HTTP/1.1" 200 - "-" "Mozilla/5.0 (compatible; DotBot/1.2; +https://opensiteexplorer.org/dotbot; help@moz.com)"
216.244.66.242 - - [16/Apr/2026:06:49:20 -0600] "GET /?refPageViewId=6e8f29a1748b6820 HTTP/1.1" 200 - "-" "Mozilla/5.0 (compatible; DotBot/1.2; +https://opensiteexplorer.org/dotbot; help@moz.com)"
216.244.66.242 - - [16/Apr/2026:06:49:23 -0600] "GET /?refPageViewId=709eeac9c1b00950 HTTP/1.1" 200 - "-" "Mozilla/5.0 (compatible; DotBot/1.2; +https://opensiteexplorer.org/dotbot; help@moz.com)"
216.244.66.242 - - [16/Apr/2026:06:49:26 -0600] "GET /?refPageViewId=731cd68fa115c48e HTTP/1.1" 200 - "-" "Mozilla/5.0 (compatible; DotBot/1.2; +https://opensiteexplorer.org/dotbot; help@moz.com)"
216.244.66.242 - - [16/Apr/2026:06:49:28 -0600] "GET /?refPageViewId=74cc05d9d7d7c397 HTTP/1.1" 200 - "-" "Mozilla/5.0 (compatible; DotBot/1.2; +https://opensiteexplorer.org/dotbot; help@moz.com)"
216.244.66.242 - - [16/Apr/2026:06:49:31 -0600] "GET /?refPageViewId=6b79a30ad6f55fd4 HTTP/1.1" 200 - "-" "Mozilla/5.0 (compatible; DotBot/1.2; +https://opensiteexplorer.org/dotbot; help@moz.com)"
216.244.66.242 - - [16/Apr/2026:06:49:32 -0600] "GET /?refPageViewId=6f64551ff4eb8f3e HTTP/1.1" 200 - "-" "Mozilla/5.0 (compatible; DotBot/1.2; +https://opensiteexplorer.org/dotbot; help@moz.com)"
66.249.65.164 - - [16/Apr/2026:06:55:43 -0600] "GET /oxichf/t116248662 HTTP/1.1" 200 192713 "-" "Mozilla/5.0 (Linux; Android 6.0.1; Nexus 5X Build/MMB29P) AppleWebKit/537.36 (KHTML, like Gecko) Chrome/146.0.7680.177 Mobile Safari/537.36 (compatible; GoogleOther)"
209.222.82.72 - - [16/Apr/2026:06:56:14 -0600] "GET / HTTP/1.0" 301 - "-" "Mozilla/4.0 (compatible; MSIE 8.0; Windows NT 6.1; WOW64; Trident/4.0; SLCC2; .NET CLR 2.0.50727; .NET CLR 3.5.30729; .NET CLR 3.0.30729)"
209.222.82.72 - - [16/Apr/2026:06:56:17 -0600] "GET / HTTP/1.0" 301 - "-" "Mozilla/4.0 (compatible; MSIE 8.0; Windows NT 6.1; WOW64; Trident/4.0; SLCC2; .NET CLR 2.0.50727; .NET CLR 3.5.30729; .NET CLR 3.0.30729)"
66.249.65.163 - - [16/Apr/2026:06:57:17 -0600] "GET /kwwkbv/t1161344 HTTP/1.1" 200 189782 "-" "Mozilla/5.0 (Linux; Android 6.0.1; Nexus 5X Build/MMB29P) AppleWebKit/537.36 (KHTML, like Gecko) Chrome/146.0.7680.177 Mobile Safari/537.36 (compatible; GoogleOther)"
3.91.58.131 - - [16/Apr/2026:07:00:11 -0600] "GET /lomad-vip/ HTTP/1.1" 200 66191 "-" "Mozilla/5.0 (Windows NT 10.0; Win64; x64) AppleWebKit/537.36 (KHTML, like Gecko) Chrome/139.0.0.0 Safari/537.36"
3.91.58.131 - - [16/Apr/2026:07:00:11 -0600] "GET / HTTP/1.1" 301 - "-" "Mozilla/5.0 (Windows NT 10.0; Win64; x64) AppleWebKit/537.36 (KHTML, like Gecko) Chrome/139.0.0.0 Safari/537.36"
3.91.58.131 - - [16/Apr/2026:07:00:11 -0600] "GET / HTTP/1.1" 301 - "-" "Mozilla/5.0 (Windows NT 10.0; Win64; x64) AppleWebKit/537.36 (KHTML, like Gecko) Chrome/139.0.0.0 Safari/537.36"
3.91.58.131 - - [16/Apr/2026:07:00:11 -0600] "GET / HTTP/1.1" 301 - "-" "Mozilla/5.0 (Windows NT 10.0; Win64; x64) AppleWebKit/537.36 (KHTML, like Gecko) Chrome/139.0.0.0 Safari/537.36"
162.240.221.145 - - [16/Apr/2026:07:00:14 -0600] "POST /wp-cron.php?doing_wp_cron=1776344414.3231449127197265625000 HTTP/1.1" 404 23758 "-" "WordPress/6.9.4; https://thelomad.com"
162.240.221.145 - - [16/Apr/2026:07:00:14 -0600] "POST /wp-cron.php?doing_wp_cron=1776344414.3713390827178955078125 HTTP/1.1" 404 8000 "-" "WordPress/6.9.4; https://thelomad.com"
162.240.221.145 - - [16/Apr/2026:07:00:14 -0600] "POST /wp-cron.php?doing_wp_cron=1776344414.3412489891052246093750 HTTP/1.1" 404 8000 "-" "WordPress/6.9.4; https://thelomad.com"
162.240.221.145 - - [16/Apr/2026:07:01:02 -0600] "GET /.well-known/acme-challenge/UWYPV2YVE6UGTGDNGPAYW7Z8A8LXZJIU HTTP/1.1" 200 64 "-" "Cpanel-HTTP-Client/1.0"
162.240.221.145 - - [16/Apr/2026:07:01:02 -0600] "GET /.well-known/acme-challenge/A1R2X9-H--I65J0-T8GK565HYRY0QLK7 HTTP/1.1" 200 64 "-" "Cpanel-HTTP-Client/1.0"
162.240.221.145 - - [16/Apr/2026:07:01:02 -0600] "GET /.well-known/acme-challenge/81SSU5YW6DDKUIW1BW3SV7_XEJZAQSHS HTTP/1.1" 200 64 "-" "Cpanel-HTTP-Client/1.0"
162.240.221.145 - - [16/Apr/2026:07:01:02 -0600] "GET /.well-known/acme-challenge/P9_-HJJJM36EGMIPMER9205E5APOCH67 HTTP/1.1" 200 64 "-" "Cpanel-HTTP-Client/1.0"
54.90.212.147 - - [16/Apr/2026:07:05:02 -0600] "GET / HTTP/1.1" 301 - "-" "Mozilla/5.0 (Windows NT 10.0; Win64; x64) AppleWebKit/537.36 (KHTML, like Gecko) Chrome/139.0.0.0 Safari/537.36"
54.90.212.147 - - [16/Apr/2026:07:05:02 -0600] "GET / HTTP/1.1" 301 - "-" "Mozilla/5.0 (Windows NT 10.0; Win64; x64) AppleWebKit/537.36 (KHTML, like Gecko) Chrome/139.0.0.0 Safari/537.36"
54.90.212.147 - - [16/Apr/2026:07:05:02 -0600] "GET / HTTP/1.1" 301 - "-" "Mozilla/5.0 (Windows NT 10.0; Win64; x64) AppleWebKit/537.36 (KHTML, like Gecko) Chrome/139.0.0.0 Safari/537.36"
162.240.221.145 - - [16/Apr/2026:07:05:04 -0600] "POST /wp-cron.php?doing_wp_cron=1776344704.5226039886474609375000 HTTP/1.1" 404 8000 "-" "WordPress/6.9.4; https://thelomad.com"
162.240.221.145 - - [16/Apr/2026:07:05:05 -0600] "POST /wp-cron.php?doing_wp_cron=1776344705.1313319206237792968750 HTTP/1.1" 404 8000 "-" "WordPress/6.9.4; https://thelomad.com"
162.240.221.145 - - [16/Apr/2026:07:05:05 -0600] "POST /wp-cron.php?doing_wp_cron=1776344705.0215780735015869140625 HTTP/1.1" 404 8000 "-" "WordPress/6.9.4; https://thelomad.com"
66.249.65.162 - - [16/Apr/2026:07:06:35 -0600] "GET /uabcot/t116405121 HTTP/1.1" 200 190220 "-" "Mozilla/5.0 (Linux; Android 6.0.1; Nexus 5X Build/MMB29P) AppleWebKit/537.36 (KHTML, like Gecko) Chrome/146.0.7680.177 Mobile Safari/537.36 (compatible; GoogleOther)"
66.249.65.162 - - [16/Apr/2026:07:06:52 -0600] "GET /kwwkbv/t116421743 HTTP/1.1" 200 162690 "-" "Mozilla/5.0 (Linux; Android 6.0.1; Nexus 5X Build/MMB29P) AppleWebKit/537.36 (KHTML, like Gecko) Chrome/146.0.7680.177 Mobile Safari/537.36 (compatible; GoogleOther)"
66.249.65.163 - - [16/Apr/2026:07:07:34 -0600] "GET /uabcot/t116405121 HTTP/1.1" 200 190493 "-" "Mozilla/5.0 (Linux; Android 6.0.1; Nexus 5X Build/MMB29P) AppleWebKit/537.36 (KHTML, like Gecko) Chrome/146.0.7680.177 Mobile Safari/537.36 (compatible; Googlebot/2.1; +http://www.google.com/bot.html)"
18.217.100.8 - - [16/Apr/2026:07:10:25 -0600] "GET / HTTP/1.1" 301 - "-" "Mozilla/5.0 (Windows NT 10.0; Win64; x64) AppleWebKit/537.36 (KHTML, like Gecko) Chrome/139.0.0.0 Safari/537.36"
162.240.221.145 - - [16/Apr/2026:07:10:26 -0600] "POST /wp-cron.php?doing_wp_cron=1776345026.5646948814392089843750 HTTP/1.1" 404 23758 "-" "WordPress/6.9.4; https://thelomad.com"
66.249.65.162 - - [16/Apr/2026:07:13:57 -0600] "GET /uabcot/t116373313 HTTP/1.1" 200 182764 "-" "Mozilla/5.0 (Linux; Android 6.0.1; Nexus 5X Build/MMB29P) AppleWebKit/537.36 (KHTML, like Gecko) Chrome/146.0.7680.177 Mobile Safari/537.36 (compatible; GoogleOther)"
18.191.206.71 - - [16/Apr/2026:07:17:02 -0600] "GET / HTTP/1.1" 301 - "-" "curl/8.3.0"
66.249.65.163 - - [16/Apr/2026:07:17:09 -0600] "GET /xgyfcg/t116311527 HTTP/1.1" 200 183687 "-" "Mozilla/5.0 (Linux; Android 6.0.1; Nexus 5X Build/MMB29P) AppleWebKit/537.36 (KHTML, like Gecko) Chrome/146.0.7680.177 Mobile Safari/537.36 (compatible; GoogleOther)"
66.249.65.162 - - [16/Apr/2026:07:28:53 -0600] "GET /xgyfcg/t11622248 HTTP/1.1" 200 193183 "-" "Mozilla/5.0 (Linux; Android 6.0.1; Nexus 5X Build/MMB29P) AppleWebKit/537.36 (KHTML, like Gecko) Chrome/146.0.7680.177 Mobile Safari/537.36 (compatible; GoogleOther)"
66.249.65.162 - - [16/Apr/2026:07:30:37 -0600] "GET /jgnrqy/t11692641 HTTP/1.1" 200 159385 "-" "Mozilla/5.0 (Linux; Android 6.0.1; Nexus 5X Build/MMB29P) AppleWebKit/537.36 (KHTML, like Gecko) Chrome/146.0.7680.177 Mobile Safari/537.36 (compatible; GoogleOther)"
216.244.66.242 - - [16/Apr/2026:07:31:50 -0600] "GET /robots.txt HTTP/1.1" 200 - "-" "Mozilla/5.0 (compatible; DotBot/1.2; +https://opensiteexplorer.org/dotbot; help@moz.com)"
209.222.82.231 - - [16/Apr/2026:07:35:02 -0600] "GET / HTTP/1.0" 301 - "-" "Mozilla/4.0 (compatible; MSIE 8.0; Windows NT 6.1; WOW64; Trident/4.0; SLCC2; .NET CLR 2.0.50727; .NET CLR 3.5.30729; .NET CLR 3.0.30729)"
162.240.221.145 - - [16/Apr/2026:07:35:04 -0600] "POST /wp-cron.php?doing_wp_cron=1776346504.0045518875122070312500 HTTP/1.1" 404 23758 "-" "WordPress/6.9.4; https://thelomad.com"
209.222.82.231 - - [16/Apr/2026:07:35:07 -0600] "GET / HTTP/1.0" 301 - "-" "Mozilla/4.0 (compatible; MSIE 8.0; Windows NT 6.1; WOW64; Trident/4.0; SLCC2; .NET CLR 2.0.50727; .NET CLR 3.5.30729; .NET CLR 3.0.30729)"
45.142.94.62 - - [16/Apr/2026:07:36:01 -0600] "GET / HTTP/1.1" 301 - "-" "Mozilla/5.0 (Windows NT 10.0; Win64; x64) AppleWebKit/537.36 (KHTML, like Gecko) Chrome/139.0.0.0 Safari/537.36"
216.244.66.242 - - [16/Apr/2026:07:36:13 -0600] "GET /?refPageViewId=6c4d41c9101f139e HTTP/1.1" 200 - "-" "Mozilla/5.0 (compatible; DotBot/1.2; +https://opensiteexplorer.org/dotbot; help@moz.com)"
216.244.66.242 - - [16/Apr/2026:07:36:18 -0600] "GET /?refPageViewId=6fbcd6c816d2139a HTTP/1.1" 200 - "-" "Mozilla/5.0 (compatible; DotBot/1.2; +https://opensiteexplorer.org/dotbot; help@moz.com)"
216.244.66.242 - - [16/Apr/2026:07:36:22 -0600] "GET /?refPageViewId=738fc31143fcc4c5 HTTP/1.1" 200 - "-" "Mozilla/5.0 (compatible; DotBot/1.2; +https://opensiteexplorer.org/dotbot; help@moz.com)"
98.91.233.104 - - [16/Apr/2026:07:36:23 -0600] "GET /lomad-vip/ HTTP/1.1" 200 66191 "-" "Mozilla/5.0 (Windows NT 10.0; Win64; x64) AppleWebKit/537.36 (KHTML, like Gecko) Chrome/139.0.0.0 Safari/537.36"
98.91.233.104 - - [16/Apr/2026:07:36:23 -0600] "GET / HTTP/1.1" 301 - "-" "Mozilla/5.0 (Windows NT 10.0; Win64; x64) AppleWebKit/537.36 (KHTML, like Gecko) Chrome/139.0.0.0 Safari/537.36"
216.244.66.242 - - [16/Apr/2026:07:36:25 -0600] "GET /?refPageViewId=7594f8eb4367c766 HTTP/1.1" 200 - "-" "Mozilla/5.0 (compatible; DotBot/1.2; +https://opensiteexplorer.org/dotbot; help@moz.com)"
98.91.233.104 - - [16/Apr/2026:07:36:23 -0600] "GET / HTTP/1.1" 301 - "-" "Mozilla/5.0 (Windows NT 10.0; Win64; x64) AppleWebKit/537.36 (KHTML, like Gecko) Chrome/139.0.0.0 Safari/537.36"
98.91.233.104 - - [16/Apr/2026:07:36:23 -0600] "GET / HTTP/1.1" 301 - "-" "Mozilla/5.0 (Windows NT 10.0; Win64; x64) AppleWebKit/537.36 (KHTML, like Gecko) Chrome/139.0.0.0 Safari/537.36"
98.91.233.104 - - [16/Apr/2026:07:36:23 -0600] "GET / HTTP/1.1" 301 - "-" "Mozilla/5.0 (Windows NT 10.0; Win64; x64) AppleWebKit/537.36 (KHTML, like Gecko) Chrome/139.0.0.0 Safari/537.36"
216.244.66.242 - - [16/Apr/2026:07:36:28 -0600] "GET /?refPageViewId=7643aa2c516deb8b HTTP/1.1" 200 - "-" "Mozilla/5.0 (compatible; DotBot/1.2; +https://opensiteexplorer.org/dotbot; help@moz.com)"
216.244.66.242 - - [16/Apr/2026:07:36:30 -0600] "GET /?refPageViewId=75a9a9ca556cec7c HTTP/1.1" 200 - "-" "Mozilla/5.0 (compatible; DotBot/1.2; +https://opensiteexplorer.org/dotbot; help@moz.com)"
216.244.66.242 - - [16/Apr/2026:07:36:32 -0600] "GET /?refPageViewId=7704de25c212eba7 HTTP/1.1" 200 - "-" "Mozilla/5.0 (compatible; DotBot/1.2; +https://opensiteexplorer.org/dotbot; help@moz.com)"
66.249.65.162 - - [16/Apr/2026:07:38:35 -0600] "GET /jgnrqy/t116426775 HTTP/1.1" 200 181382 "-" "Mozilla/5.0 (Linux; Android 6.0.1; Nexus 5X Build/MMB29P) AppleWebKit/537.36 (KHTML, like Gecko) Chrome/146.0.7680.177 Mobile Safari/537.36 (compatible; GoogleOther)"
98.88.22.206 - - [16/Apr/2026:07:39:13 -0600] "POST /wp-admin/admin-ajax.php HTTP/1.1" 404 343242 "-" "Mozilla/5.0 (Windows NT 10.0; Win64; x64) AppleWebKit/537.36 (KHTML, like Gecko) Chrome/120.0.0.0 Safari/537.36 Edg/120.0.0.0"
162.240.221.145 - - [16/Apr/2026:07:39:16 -0600] "POST /wp-cron.php?doing_wp_cron=1776346756.2148768901824951171875 HTTP/1.1" 404 8000 "-" "WordPress/6.9.4; https://thelomad.com"
162.240.221.145 - - [16/Apr/2026:07:45:01 -0600] "POST /wp-cron.php?doing_wp_cron=1776347101.5770919322967529296875 HTTP/1.1" 404 8000 "-" "WordPress/6.9.4; https://thelomad.com"
115.211.104.179 - - [16/Apr/2026:07:45:05 -0600] "GET /wp-json/wp/v2/posts HTTP/1.1" 200 193919 "-" "Mozilla/5.0 (Windows NT 10.0; Win64; x64) AppleWebKit/537.36 (KHTML, like Gecko) Chrome/120.0.0.0 Safari/537.36"
138.124.99.216 - - [16/Apr/2026:07:45:00 -0600] "GET /wp-json/wp/v2/posts HTTP/1.1" 200 136000 "-" "Mozilla/5.0 (Windows NT 10.0; Win64; x64) AppleWebKit/537.36 (KHTML, like Gecko) Chrome/120.0.0.0 Safari/537.36"
66.249.65.162 - - [16/Apr/2026:07:47:18 -0600] "GET /kwwkbv/t116102510 HTTP/1.1" 200 169424 "-" "Mozilla/5.0 (Linux; Android 6.0.1; Nexus 5X Build/MMB29P) AppleWebKit/537.36 (KHTML, like Gecko) Chrome/146.0.7680.177 Mobile Safari/537.36 (compatible; GoogleOther)"
54.209.8.240 - - [16/Apr/2026:07:47:56 -0600] "GET / HTTP/1.1" 301 - "-" "Mozilla/5.0 (Windows NT 10.0; Win64; x64) AppleWebKit/537.36 (KHTML, like Gecko) Chrome/139.0.0.0 Safari/537.36"
54.209.8.240 - - [16/Apr/2026:07:47:56 -0600] "GET / HTTP/1.1" 301 - "-" "Mozilla/5.0 (Windows NT 10.0; Win64; x64) AppleWebKit/537.36 (KHTML, like Gecko) Chrome/139.0.0.0 Safari/537.36"
66.249.65.162 - - [16/Apr/2026:07:56:43 -0600] "GET /oxichf/t11693897 HTTP/1.1" 200 149605 "-" "Mozilla/5.0 (Linux; Android 6.0.1; Nexus 5X Build/MMB29P) AppleWebKit/537.36 (KHTML, like Gecko) Chrome/146.0.7680.177 Mobile Safari/537.36 (compatible; GoogleOther)"
66.249.65.163 - - [16/Apr/2026:07:57:18 -0600] "GET /oxichf/t11693897 HTTP/1.1" 200 149457 "-" "Mozilla/5.0 (Linux; Android 6.0.1; Nexus 5X Build/MMB29P) AppleWebKit/537.36 (KHTML, like Gecko) Chrome/146.0.7680.177 Mobile Safari/537.36 (compatible; Googlebot/2.1; +http://www.google.com/bot.html)"
18.219.215.157 - - [16/Apr/2026:07:58:39 -0600] "GET / HTTP/1.1" 301 - "-" "Mozilla/5.0 (Windows NT 10.0; Win64; x64) AppleWebKit/537.36 (KHTML, like Gecko) Chrome/139.0.0.0 Safari/537.36"
18.219.215.157 - - [16/Apr/2026:07:58:39 -0600] "GET / HTTP/1.1" 301 - "-" "Mozilla/5.0 (Windows NT 10.0; Win64; x64) AppleWebKit/537.36 (KHTML, like Gecko) Chrome/139.0.0.0 Safari/537.36"
18.219.215.157 - - [16/Apr/2026:07:58:39 -0600] "GET / HTTP/1.1" 301 - "-" "Mozilla/5.0 (Windows NT 10.0; Win64; x64) AppleWebKit/537.36 (KHTML, like Gecko) Chrome/139.0.0.0 Safari/537.36"
18.219.215.157 - - [16/Apr/2026:07:58:39 -0600] "GET / HTTP/1.1" 301 - "-" "Mozilla/5.0 (Windows NT 10.0; Win64; x64) AppleWebKit/537.36 (KHTML, like Gecko) Chrome/139.0.0.0 Safari/537.36"
18.219.215.157 - - [16/Apr/2026:07:58:39 -0600] "GET / HTTP/1.1" 301 - "-" "Mozilla/5.0 (Windows NT 10.0; Win64; x64) AppleWebKit/537.36 (KHTML, like Gecko) Chrome/139.0.0.0 Safari/537.36"
66.249.65.163 - - [16/Apr/2026:07:58:43 -0600] "GET /oxichf/t116297739 HTTP/1.1" 200 178078 "-" "Mozilla/5.0 (Linux; Android 6.0.1; Nexus 5X Build/MMB29P) AppleWebKit/537.36 (KHTML, like Gecko) Chrome/146.0.7680.177 Mobile Safari/537.36 (compatible; GoogleOther)"
209.222.82.20 - - [16/Apr/2026:07:58:44 -0600] "GET / HTTP/1.0" 301 - "-" "Mozilla/4.0 (compatible; MSIE 8.0; Windows NT 6.1; WOW64; Trident/4.0; SLCC2; .NET CLR 2.0.50727; .NET CLR 3.5.30729; .NET CLR 3.0.30729)"
209.222.82.20 - - [16/Apr/2026:07:58:46 -0600] "GET / HTTP/1.0" 301 - "-" "Mozilla/4.0 (compatible; MSIE 8.0; Windows NT 6.1; WOW64; Trident/4.0; SLCC2; .NET CLR 2.0.50727; .NET CLR 3.5.30729; .NET CLR 3.0.30729)"
34.202.158.115 - - [16/Apr/2026:08:00:13 -0600] "GET /lomad-vip/ HTTP/1.1" 200 66191 "-" "Mozilla/5.0 (Windows NT 10.0; Win64; x64) AppleWebKit/537.36 (KHTML, like Gecko) Chrome/139.0.0.0 Safari/537.36"
34.202.158.115 - - [16/Apr/2026:08:00:14 -0600] "GET /lomad-vip/ HTTP/1.1" 200 66191 "-" "Mozilla/5.0 (Windows NT 10.0; Win64; x64) AppleWebKit/537.36 (KHTML, like Gecko) Chrome/139.0.0.0 Safari/537.36"
34.202.158.115 - - [16/Apr/2026:08:00:13 -0600] "GET / HTTP/1.1" 301 - "-" "Mozilla/5.0 (Windows NT 10.0; Win64; x64) AppleWebKit/537.36 (KHTML, like Gecko) Chrome/139.0.0.0 Safari/537.36"
162.240.221.145 - - [16/Apr/2026:08:00:15 -0600] "POST /wp-cron.php?doing_wp_cron=1776348015.8277490139007568359375 HTTP/1.1" 404 23758 "-" "WordPress/6.9.4; https://thelomad.com"
98.92.59.226 - - [16/Apr/2026:08:00:27 -0600] "GET /lomad-vip/ HTTP/1.1" 200 66191 "-" "Mozilla/5.0 (Windows NT 10.0; Win64; x64) AppleWebKit/537.36 (KHTML, like Gecko) Chrome/141.0.0.0 Safari/537.36 XTPT/1.0"
98.92.59.226 - - [16/Apr/2026:08:00:30 -0600] "GET /favicon.ico HTTP/1.1" 500 55 "-" "Mozilla/5.0 (Windows NT 10.0; Win64; x64) AppleWebKit/537.36 (KHTML, like Gecko) Chrome/138.0.0.0 YaBrowser/25.8.0.0 Safari/537.36 XTPT/1.0"
66.249.65.163 - - [16/Apr/2026:08:00:40 -0600] "GET /siyrej/t116250273 HTTP/1.1" 200 188323 "-" "Mozilla/5.0 (Linux; Android 6.0.1; Nexus 5X Build/MMB29P) AppleWebKit/537.36 (KHTML, like Gecko) Chrome/146.0.7680.177 Mobile Safari/537.36 (compatible; GoogleOther)"
66.249.65.162 - - [16/Apr/2026:08:00:42 -0600] "GET /kwwkbv/t11660289 HTTP/1.1" 200 194701 "-" "Mozilla/5.0 (Linux; Android 6.0.1; Nexus 5X Build/MMB29P) AppleWebKit/537.36 (KHTML, like Gecko) Chrome/146.0.7680.177 Mobile Safari/537.36 (compatible; GoogleOther)"
66.249.65.162 - - [16/Apr/2026:08:00:56 -0600] "GET /jgnrqy/t116164610 HTTP/1.1" 200 193112 "-" "Mozilla/5.0 (Linux; Android 6.0.1; Nexus 5X Build/MMB29P) AppleWebKit/537.36 (KHTML, like Gecko) Chrome/146.0.7680.177 Mobile Safari/537.36 (compatible; GoogleOther)"
34.207.125.248 - - [16/Apr/2026:08:01:18 -0600] "GET /lomad-vip/ HTTP/1.1" 200 66191 "-" "Mozilla/5.0 (Windows NT 10.0; Win64; x64) AppleWebKit/537.36 (KHTML, like Gecko) Chrome/139.0.0.0 Safari/537.36"
66.249.65.162 - - [16/Apr/2026:08:02:08 -0600] "GET /kwwkbv/t116283205 HTTP/1.1" 200 194282 "-" "Mozilla/5.0 (Linux; Android 6.0.1; Nexus 5X Build/MMB29P) AppleWebKit/537.36 (KHTML, like Gecko) Chrome/146.0.7680.177 Mobile Safari/537.36 (compatible; GoogleOther)"
66.249.65.162 - - [16/Apr/2026:08:02:08 -0600] "GET /siyrej/t116250273 HTTP/1.1" 200 188134 "-" "Mozilla/5.0 (Linux; Android 6.0.1; Nexus 5X Build/MMB29P) AppleWebKit/537.36 (KHTML, like Gecko) Chrome/146.0.7680.177 Mobile Safari/537.36 (compatible; Googlebot/2.1; +http://www.google.com/bot.html)"
66.249.65.162 - - [16/Apr/2026:08:02:44 -0600] "GET /kwwkbv/t11660289 HTTP/1.1" 200 194774 "-" "Mozilla/5.0 (Linux; Android 6.0.1; Nexus 5X Build/MMB29P) AppleWebKit/537.36 (KHTML, like Gecko) Chrome/146.0.7680.177 Mobile Safari/537.36 (compatible; Googlebot/2.1; +http://www.google.com/bot.html)"
18.217.167.142 - - [16/Apr/2026:08:04:03 -0600] "GET /lomad-vip/ HTTP/1.1" 200 66191 "-" "Mozilla/5.0 (Windows NT 10.0; Win64; x64) AppleWebKit/537.36 (KHTML, like Gecko) Chrome/139.0.0.0 Safari/537.36"
18.217.167.142 - - [16/Apr/2026:08:04:03 -0600] "GET /lomad-vip/ HTTP/1.1" 200 66191 "-" "Mozilla/5.0 (Windows NT 10.0; Win64; x64) AppleWebKit/537.36 (KHTML, like Gecko) Chrome/139.0.0.0 Safari/537.36"
18.217.167.142 - - [16/Apr/2026:08:04:03 -0600] "GET / HTTP/1.1" 301 - "-" "Mozilla/5.0 (Windows NT 10.0; Win64; x64) AppleWebKit/537.36 (KHTML, like Gecko) Chrome/139.0.0.0 Safari/537.36"
66.249.65.163 - - [16/Apr/2026:08:05:32 -0600] "GET /jgnrqy/t116343425 HTTP/1.1" 200 191211 "-" "Mozilla/5.0 (Linux; Android 6.0.1; Nexus 5X Build/MMB29P) AppleWebKit/537.36 (KHTML, like Gecko) Chrome/146.0.7680.177 Mobile Safari/537.36 (compatible; GoogleOther)"
66.249.65.164 - - [16/Apr/2026:08:08:57 -0600] "GET /kwwkbv/t116168738 HTTP/1.1" 200 180972 "-" "Mozilla/5.0 (Linux; Android 6.0.1; Nexus 5X Build/MMB29P) AppleWebKit/537.36 (KHTML, like Gecko) Chrome/146.0.7680.177 Mobile Safari/537.36 (compatible; GoogleOther)"
66.249.65.164 - - [16/Apr/2026:08:12:40 -0600] "GET /siyrej/t11668942 HTTP/1.1" 200 186720 "-" "Mozilla/5.0 (Linux; Android 6.0.1; Nexus 5X Build/MMB29P) AppleWebKit/537.36 (KHTML, like Gecko) Chrome/146.0.7680.177 Mobile Safari/537.36 (compatible; GoogleOther)"
66.249.65.163 - - [16/Apr/2026:08:14:34 -0600] "GET /oxichf/t116341493 HTTP/1.1" 200 193405 "-" "Mozilla/5.0 (Linux; Android 6.0.1; Nexus 5X Build/MMB29P) AppleWebKit/537.36 (KHTML, like Gecko) Chrome/146.0.7680.177 Mobile Safari/537.36 (compatible; GoogleOther)"
216.244.66.242 - - [16/Apr/2026:08:16:12 -0600] "GET /robots.txt HTTP/1.1" 200 - "-" "Mozilla/5.0 (compatible; DotBot/1.2; +https://opensiteexplorer.org/dotbot; help@moz.com)"
66.249.65.163 - - [16/Apr/2026:08:19:29 -0600] "GET /oxichf/t116312993 HTTP/1.1" 200 143938 "-" "Mozilla/5.0 (Linux; Android 6.0.1; Nexus 5X Build/MMB29P) AppleWebKit/537.36 (KHTML, like Gecko) Chrome/146.0.7680.177 Mobile Safari/537.36 (compatible; GoogleOther)"
216.244.66.242 - - [16/Apr/2026:08:20:27 -0600] "GET /?refPageViewId=6b4ef4158687e46a HTTP/1.1" 200 - "-" "Mozilla/5.0 (compatible; DotBot/1.2; +https://opensiteexplorer.org/dotbot; help@moz.com)"
216.244.66.242 - - [16/Apr/2026:08:20:32 -0600] "GET /?refPageViewId=6c5c387be1c65fc8 HTTP/1.1" 200 - "-" "Mozilla/5.0 (compatible; DotBot/1.2; +https://opensiteexplorer.org/dotbot; help@moz.com)"
216.244.66.242 - - [16/Apr/2026:08:20:36 -0600] "GET /?refPageViewId=70cab4c7620613be HTTP/1.1" 200 - "-" "Mozilla/5.0 (compatible; DotBot/1.2; +https://opensiteexplorer.org/dotbot; help@moz.com)"
216.244.66.242 - - [16/Apr/2026:08:20:39 -0600] "GET /?refPageViewId=72ecc234e4e63996 HTTP/1.1" 200 - "-" "Mozilla/5.0 (compatible; DotBot/1.2; +https://opensiteexplorer.org/dotbot; help@moz.com)"
216.244.66.242 - - [16/Apr/2026:08:20:42 -0600] "GET /?refPageViewId=75fc8b7c03090891 HTTP/1.1" 200 - "-" "Mozilla/5.0 (compatible; DotBot/1.2; +https://opensiteexplorer.org/dotbot; help@moz.com)"
216.244.66.242 - - [16/Apr/2026:08:20:45 -0600] "GET /?refPageViewId=73a9bbd0a35bc4ca HTTP/1.1" 200 - "-" "Mozilla/5.0 (compatible; DotBot/1.2; +https://opensiteexplorer.org/dotbot; help@moz.com)"
209.222.82.72 - - [16/Apr/2026:08:21:26 -0600] "GET / HTTP/1.0" 301 - "-" "Mozilla/4.0 (compatible; MSIE 8.0; Windows NT 6.1; WOW64; Trident/4.0; SLCC2; .NET CLR 2.0.50727; .NET CLR 3.5.30729; .NET CLR 3.0.30729)"
162.240.221.145 - - [16/Apr/2026:08:21:27 -0600] "POST /wp-cron.php?doing_wp_cron=1776349287.6464838981628417968750 HTTP/1.1" 404 23758 "-" "WordPress/6.9.4; https://thelomad.com"
209.222.82.72 - - [16/Apr/2026:08:21:29 -0600] "GET / HTTP/1.0" 301 - "-" "Mozilla/4.0 (compatible; MSIE 8.0; Windows NT 6.1; WOW64; Trident/4.0; SLCC2; .NET CLR 2.0.50727; .NET CLR 3.5.30729; .NET CLR 3.0.30729)"
209.222.82.72 - - [16/Apr/2026:08:21:30 -0600] "GET / HTTP/1.0" 301 - "-" "Mozilla/4.0 (compatible; MSIE 8.0; Windows NT 6.1; WOW64; Trident/4.0; SLCC2; .NET CLR 2.0.50727; .NET CLR 3.5.30729; .NET CLR 3.0.30729)"
66.249.65.162 - - [16/Apr/2026:08:21:35 -0600] "GET /siyrej/t116317825 HTTP/1.1" 200 163560 "-" "Mozilla/5.0 (Linux; Android 6.0.1; Nexus 5X Build/MMB29P) AppleWebKit/537.36 (KHTML, like Gecko) Chrome/146.0.7680.177 Mobile Safari/537.36 (compatible; GoogleOther)"
98.92.138.202 - - [16/Apr/2026:08:21:45 -0600] "GET / HTTP/1.1" 301 - "-" "Mozilla/5.0 (Windows NT 10.0; Win64; x64) AppleWebKit/537.36 (KHTML, like Gecko) Chrome/139.0.0.0 Safari/537.36"
98.92.138.202 - - [16/Apr/2026:08:21:45 -0600] "GET / HTTP/1.1" 301 - "-" "Mozilla/5.0 (Windows NT 10.0; Win64; x64) AppleWebKit/537.36 (KHTML, like Gecko) Chrome/139.0.0.0 Safari/537.36"
66.249.65.162 - - [16/Apr/2026:08:21:47 -0600] "GET /siyrej/t116317825 HTTP/1.1" 200 163587 "-" "Mozilla/5.0 (Linux; Android 6.0.1; Nexus 5X Build/MMB29P) AppleWebKit/537.36 (KHTML, like Gecko) Chrome/146.0.7680.177 Mobile Safari/537.36 (compatible; Googlebot/2.1; +http://www.google.com/bot.html)"
18.223.110.29 - - [16/Apr/2026:08:22:10 -0600] "GET / HTTP/1.1" 301 - "-" "Mozilla/5.0 (Windows NT 10.0; Win64; x64) AppleWebKit/537.36 (KHTML, like Gecko) Chrome/139.0.0.0 Safari/537.36"
18.223.110.29 - - [16/Apr/2026:08:22:10 -0600] "GET / HTTP/1.1" 301 - "-" "Mozilla/5.0 (Windows NT 10.0; Win64; x64) AppleWebKit/537.36 (KHTML, like Gecko) Chrome/139.0.0.0 Safari/537.36"
18.223.110.29 - - [16/Apr/2026:08:22:10 -0600] "GET / HTTP/1.1" 301 - "-" "Mozilla/5.0 (Windows NT 10.0; Win64; x64) AppleWebKit/537.36 (KHTML, like Gecko) Chrome/139.0.0.0 Safari/537.36"
18.223.110.29 - - [16/Apr/2026:08:22:10 -0600] "GET / HTTP/1.1" 301 - "-" "Mozilla/5.0 (Windows NT 10.0; Win64; x64) AppleWebKit/537.36 (KHTML, like Gecko) Chrome/139.0.0.0 Safari/537.36"
35.175.227.129 - - [16/Apr/2026:08:22:10 -0600] "GET / HTTP/1.1" 301 - "-" "Mozilla/5.0 (Windows NT 10.0; Win64; x64) AppleWebKit/537.36 (KHTML, like Gecko) Chrome/139.0.0.0 Safari/537.36"
35.175.227.129 - - [16/Apr/2026:08:22:10 -0600] "GET / HTTP/1.1" 301 - "-" "Mozilla/5.0 (Windows NT 10.0; Win64; x64) AppleWebKit/537.36 (KHTML, like Gecko) Chrome/139.0.0.0 Safari/537.36"
35.175.227.129 - - [16/Apr/2026:08:22:10 -0600] "GET / HTTP/1.1" 301 - "-" "Mozilla/5.0 (Windows NT 10.0; Win64; x64) AppleWebKit/537.36 (KHTML, like Gecko) Chrome/139.0.0.0 Safari/537.36"
35.175.227.129 - - [16/Apr/2026:08:22:10 -0600] "GET / HTTP/1.1" 301 - "-" "Mozilla/5.0 (Windows NT 10.0; Win64; x64) AppleWebKit/537.36 (KHTML, like Gecko) Chrome/139.0.0.0 Safari/537.36"
66.249.65.164 - - [16/Apr/2026:08:26:18 -0600] "GET /jgnrqy/t11677441 HTTP/1.1" 200 155636 "-" "Mozilla/5.0 (Linux; Android 6.0.1; Nexus 5X Build/MMB29P) AppleWebKit/537.36 (KHTML, like Gecko) Chrome/146.0.7680.177 Mobile Safari/537.36 (compatible; GoogleOther)"
66.249.65.163 - - [16/Apr/2026:08:28:12 -0600] "GET /kwwkbv/t11680439 HTTP/1.1" 200 142114 "-" "Mozilla/5.0 (Linux; Android 6.0.1; Nexus 5X Build/MMB29P) AppleWebKit/537.36 (KHTML, like Gecko) Chrome/146.0.7680.177 Mobile Safari/537.36 (compatible; GoogleOther)"
18.232.100.254 - - [16/Apr/2026:08:30:26 -0600] "GET / HTTP/1.1" 301 - "-" "Mozilla/5.0 (Windows NT 10.0; Win64; x64) AppleWebKit/537.36 (KHTML, like Gecko) Chrome/139.0.0.0 Safari/537.36"
162.240.221.145 - - [16/Apr/2026:08:30:27 -0600] "POST /wp-cron.php?doing_wp_cron=1776349827.5378630161285400390625 HTTP/1.1" 404 8000 "-" "WordPress/6.9.4; https://thelomad.com"
54.91.147.123 - - [16/Apr/2026:08:31:49 -0600] "HEAD / HTTP/1.1" 301 - "-" "Mozilla/5.0 (Macintosh; Intel Mac OS X 10_12_6) AppleWebKit/537.36 (KHTML, like Gecko) Chrome/60.0.3112.90 Safari/537.36"
98.93.69.82 - - [16/Apr/2026:08:31:49 -0600] "HEAD / HTTP/1.1" 301 - "-" "Mozilla/5.0 (Macintosh; Intel Mac OS X 10_12_6) AppleWebKit/537.36 (KHTML, like Gecko) Chrome/60.0.3112.90 Safari/537.36"
66.249.65.164 - - [16/Apr/2026:08:33:07 -0600] "GET /jgnrqy/t116164096 HTTP/1.1" 200 181385 "-" "Mozilla/5.0 (Linux; Android 6.0.1; Nexus 5X Build/MMB29P) AppleWebKit/537.36 (KHTML, like Gecko) Chrome/146.0.7680.177 Mobile Safari/537.36 (compatible; GoogleOther)"
158.173.67.70 - - [16/Apr/2026:08:38:28 -0600] "GET /wp-login.php HTTP/1.1" 302 - "-" "Mozilla/5.0 (iPhone; CPU iPhone OS 17_1 like Mac OS X) AppleWebKit/605.1.15 (KHTML, like Gecko) Version/17.1 Mobile/15E148 Safari/604.1"
162.240.221.145 - - [16/Apr/2026:08:38:30 -0600] "POST /wp-cron.php?doing_wp_cron=1776350310.7428410053253173828125 HTTP/1.1" 404 8000 "-" "WordPress/6.9.4; https://thelomad.com"
66.249.65.163 - - [16/Apr/2026:08:39:56 -0600] "GET /kwwkbv/t116409825 HTTP/1.1" 200 194901 "-" "Mozilla/5.0 (Linux; Android 6.0.1; Nexus 5X Build/MMB29P) AppleWebKit/537.36 (KHTML, like Gecko) Chrome/146.0.7680.177 Mobile Safari/537.36 (compatible; GoogleOther)"
66.249.65.164 - - [16/Apr/2026:08:41:50 -0600] "GET /oxichf/t11698791 HTTP/1.1" 200 157910 "-" "Mozilla/5.0 (Linux; Android 6.0.1; Nexus 5X Build/MMB29P) AppleWebKit/537.36 (KHTML, like Gecko) Chrome/146.0.7680.177 Mobile Safari/537.36 (compatible; GoogleOther)"
52.55.2.163 - - [16/Apr/2026:08:43:24 -0600] "GET /robots.txt HTTP/1.1" 200 1032 "-" "node-fetch/1.0 (+https://github.com/bitinn/node-fetch)"
52.55.2.163 - - [16/Apr/2026:08:43:24 -0600] "GET / HTTP/1.1" 301 - "-" "node-fetch/1.0 (+https://github.com/bitinn/node-fetch)"
52.55.2.163 - - [16/Apr/2026:08:43:24 -0600] "GET / HTTP/1.1" 301 - "-" "node-fetch/1.0 (+https://github.com/bitinn/node-fetch)"
52.55.2.163 - - [16/Apr/2026:08:43:24 -0600] "GET / HTTP/1.1" 301 - "-" "node-fetch/1.0 (+https://github.com/bitinn/node-fetch)"
52.55.2.163 - - [16/Apr/2026:08:43:24 -0600] "GET /index.html HTTP/1.1" 404 343220 "-" "node-fetch/1.0 (+https://github.com/bitinn/node-fetch)"
52.55.2.163 - - [16/Apr/2026:08:44:39 -0600] "GET /favicon.ico HTTP/1.1" 500 55 "-" "node-fetch/1.0 (+https://github.com/bitinn/node-fetch)"
52.55.2.163 - - [16/Apr/2026:08:44:40 -0600] "GET / HTTP/1.1" 301 - "-" "node-fetch/1.0 (+https://github.com/bitinn/node-fetch)"
54.37.100.74 - - [16/Apr/2026:08:45:07 -0600] "GET /lomad-vip/ HTTP/1.1" 200 66191 "-" "Mozilla/5.0 (Windows NT 10.0; Win64; x64) AppleWebKit/537.36 (KHTML, like Gecko) Chrome/109.0.0.0 Safari/537.36"
66.249.65.162 - - [16/Apr/2026:08:46:46 -0600] "GET /jgnrqy/t116285377 HTTP/1.1" 200 200927 "-" "Mozilla/5.0 (Linux; Android 6.0.1; Nexus 5X Build/MMB29P) AppleWebKit/537.36 (KHTML, like Gecko) Chrome/146.0.7680.177 Mobile Safari/537.36 (compatible; GoogleOther)"
216.244.66.242 - - [16/Apr/2026:08:50:43 -0600] "GET /?refPageViewId=6b4ef4158687e46a HTTP/1.1" 200 - "-" "Mozilla/5.0 (compatible; DotBot/1.2; +https://opensiteexplorer.org/dotbot; help@moz.com)"
216.244.66.242 - - [16/Apr/2026:08:50:48 -0600] "GET /?refPageViewId=6c5c387be1c65fc8 HTTP/1.1" 200 - "-" "Mozilla/5.0 (compatible; DotBot/1.2; +https://opensiteexplorer.org/dotbot; help@moz.com)"
216.244.66.242 - - [16/Apr/2026:08:50:53 -0600] "GET /?refPageViewId=70cab4c7620613be HTTP/1.1" 200 - "-" "Mozilla/5.0 (compatible; DotBot/1.2; +https://opensiteexplorer.org/dotbot; help@moz.com)"
216.244.66.242 - - [16/Apr/2026:08:50:56 -0600] "GET /?refPageViewId=72ecc234e4e63996 HTTP/1.1" 200 - "-" "Mozilla/5.0 (compatible; DotBot/1.2; +https://opensiteexplorer.org/dotbot; help@moz.com)"
216.244.66.242 - - [16/Apr/2026:08:50:59 -0600] "GET /?refPageViewId=75fc8b7c03090891 HTTP/1.1" 200 - "-" "Mozilla/5.0 (compatible; DotBot/1.2; +https://opensiteexplorer.org/dotbot; help@moz.com)"
216.244.66.242 - - [16/Apr/2026:08:51:01 -0600] "GET /?refPageViewId=73a9bbd0a35bc4ca HTTP/1.1" 200 - "-" "Mozilla/5.0 (compatible; DotBot/1.2; +https://opensiteexplorer.org/dotbot; help@moz.com)"
66.249.65.162 - - [16/Apr/2026:08:53:35 -0600] "GET /jgnrqy/t116258177 HTTP/1.1" 200 159217 "-" "Mozilla/5.0 (Linux; Android 6.0.1; Nexus 5X Build/MMB29P) AppleWebKit/537.36 (KHTML, like Gecko) Chrome/146.0.7680.177 Mobile Safari/537.36 (compatible; GoogleOther)"
121.229.185.160 - - [16/Apr/2026:08:54:23 -0600] "GET / HTTP/1.1" 301 - "-" "Mozilla/5.0 (iPhone; CPU iPhone OS 13_2_3 like Mac OS X) AppleWebKit/605.1.15 (KHTML, like Gecko) Version/13.0.3 Mobile/15E148 Safari/604.1"
162.240.221.145 - - [16/Apr/2026:08:54:24 -0600] "POST /wp-cron.php?doing_wp_cron=1776351264.6344809532165527343750 HTTP/1.1" 404 8000 "-" "WordPress/6.9.4; https://thelomad.com"
66.249.65.164 - - [16/Apr/2026:08:55:28 -0600] "GET /kwwkbv/t116200046 HTTP/1.1" 200 157815 "-" "Mozilla/5.0 (Linux; Android 6.0.1; Nexus 5X Build/MMB29P) AppleWebKit/537.36 (KHTML, like Gecko) Chrome/146.0.7680.177 Mobile Safari/537.36 (compatible; GoogleOther)"
66.249.65.163 - - [16/Apr/2026:09:00:24 -0600] "GET /siyrej/t116258188 HTTP/1.1" 200 163639 "-" "Mozilla/5.0 (Linux; Android 6.0.1; Nexus 5X Build/MMB29P) AppleWebKit/537.36 (KHTML, like Gecko) Chrome/146.0.7680.177 Mobile Safari/537.36 (compatible; GoogleOther)"
176.65.148.161 - - [16/Apr/2026:09:03:28 -0600] "HEAD / HTTP/1.1" 301 - "-" "Mozilla/5.0 (compatible; Let's Encrypt validation server; +https://www.letsencrypt.org)"
162.240.221.145 - - [16/Apr/2026:09:03:30 -0600] "POST /wp-cron.php?doing_wp_cron=1776351810.2045209407806396484375 HTTP/1.1" 404 23758 "-" "WordPress/6.9.4; https://thelomad.com"
45.114.241.159 - - [16/Apr/2026:09:05:23 -0600] "GET / HTTP/1.1" 301 - "-" "Mozilla/5.0 (Windows NT 10.0; Win64; x64) AppleWebKit/537.36 (KHTML, like Gecko) Chrome/142.0.0.0 Safari/537.36"
216.244.66.242 - - [16/Apr/2026:09:06:11 -0600] "GET /?refPageViewId=6b4ef4158687e46a HTTP/1.1" 200 - "-" "Mozilla/5.0 (compatible; DotBot/1.2; +https://opensiteexplorer.org/dotbot; help@moz.com)"
216.244.66.242 - - [16/Apr/2026:09:06:16 -0600] "GET /?refPageViewId=6c5c387be1c65fc8 HTTP/1.1" 200 - "-" "Mozilla/5.0 (compatible; DotBot/1.2; +https://opensiteexplorer.org/dotbot; help@moz.com)"
216.244.66.242 - - [16/Apr/2026:09:06:20 -0600] "GET /?refPageViewId=70cab4c7620613be HTTP/1.1" 200 - "-" "Mozilla/5.0 (compatible; DotBot/1.2; +https://opensiteexplorer.org/dotbot; help@moz.com)"
216.244.66.242 - - [16/Apr/2026:09:06:23 -0600] "GET /?refPageViewId=72ecc234e4e63996 HTTP/1.1" 200 - "-" "Mozilla/5.0 (compatible; DotBot/1.2; +https://opensiteexplorer.org/dotbot; help@moz.com)"
216.244.66.242 - - [16/Apr/2026:09:06:26 -0600] "GET /?refPageViewId=75fc8b7c03090891 HTTP/1.1" 200 - "-" "Mozilla/5.0 (compatible; DotBot/1.2; +https://opensiteexplorer.org/dotbot; help@moz.com)"
216.244.66.242 - - [16/Apr/2026:09:06:28 -0600] "GET /?refPageViewId=73a9bbd0a35bc4ca HTTP/1.1" 200 - "-" "Mozilla/5.0 (compatible; DotBot/1.2; +https://opensiteexplorer.org/dotbot; help@moz.com)"
66.249.65.163 - - [16/Apr/2026:09:07:13 -0600] "GET /uabcot/t11654630 HTTP/1.1" 200 176375 "-" "Mozilla/5.0 (Linux; Android 6.0.1; Nexus 5X Build/MMB29P) AppleWebKit/537.36 (KHTML, like Gecko) Chrome/146.0.7680.177 Mobile Safari/537.36 (compatible; GoogleOther)"
