66.249.65.163 - - [16/Apr/2026:11:17:24 -0600] "GET /xgyfcg/t116420960 HTTP/1.1" 200 161224 "-" "Mozilla/5.0 (Linux; Android 6.0.1; Nexus 5X Build/MMB29P) AppleWebKit/537.36 (KHTML, like Gecko) Chrome/146.0.7680.177 Mobile Safari/537.36 (compatible; GoogleOther)"
216.244.66.242 - - [16/Apr/2026:11:17:29 -0600] "GET /robots.txt HTTP/1.1" 200 - "-" "Mozilla/5.0 (compatible; DotBot/1.2; +https://opensiteexplorer.org/dotbot; help@moz.com)"
216.244.66.242 - - [16/Apr/2026:11:21:25 -0600] "GET /?C=M%3BO%3DA HTTP/1.1" 200 - "-" "Mozilla/5.0 (compatible; DotBot/1.2; +https://opensiteexplorer.org/dotbot; help@moz.com)"
216.244.66.242 - - [16/Apr/2026:11:21:30 -0600] "GET /?refPageViewId=6c80f01f44336114 HTTP/1.1" 200 - "-" "Mozilla/5.0 (compatible; DotBot/1.2; +https://opensiteexplorer.org/dotbot; help@moz.com)"
216.244.66.242 - - [16/Apr/2026:11:21:33 -0600] "GET /?refPageViewId=6e2ce124c03930bc HTTP/1.1" 200 - "-" "Mozilla/5.0 (compatible; DotBot/1.2; +https://opensiteexplorer.org/dotbot; help@moz.com)"
216.244.66.242 - - [16/Apr/2026:11:21:37 -0600] "GET /?refPageViewId=6f333a78e63a608f HTTP/1.1" 200 - "-" "Mozilla/5.0 (compatible; DotBot/1.2; +https://opensiteexplorer.org/dotbot; help@moz.com)"
216.244.66.242 - - [16/Apr/2026:11:21:40 -0600] "GET /?refPageViewId=7031d9bba2e16022 HTTP/1.1" 200 - "-" "Mozilla/5.0 (compatible; DotBot/1.2; +https://opensiteexplorer.org/dotbot; help@moz.com)"
216.244.66.242 - - [16/Apr/2026:11:21:43 -0600] "GET /?refPageViewId=75e42054125530d7 HTTP/1.1" 200 - "-" "Mozilla/5.0 (compatible; DotBot/1.2; +https://opensiteexplorer.org/dotbot; help@moz.com)"
216.244.66.242 - - [16/Apr/2026:11:21:45 -0600] "GET /?refPageViewId=76a76acc52edc54d HTTP/1.1" 200 - "-" "Mozilla/5.0 (compatible; DotBot/1.2; +https://opensiteexplorer.org/dotbot; help@moz.com)"
216.244.66.242 - - [16/Apr/2026:11:21:46 -0600] "GET /?refPageViewId=6ebc3fa9b3e0e37a HTTP/1.1" 200 - "-" "Mozilla/5.0 (compatible; DotBot/1.2; +https://opensiteexplorer.org/dotbot; help@moz.com)"
216.244.66.242 - - [16/Apr/2026:11:21:48 -0600] "GET /?refPageViewId=74087ff7b65ac36e HTTP/1.1" 200 - "-" "Mozilla/5.0 (compatible; DotBot/1.2; +https://opensiteexplorer.org/dotbot; help@moz.com)"
216.244.66.242 - - [16/Apr/2026:11:21:49 -0600] "GET /?refPageViewId=7197483c46d55fbc HTTP/1.1" 200 - "-" "Mozilla/5.0 (compatible; DotBot/1.2; +https://opensiteexplorer.org/dotbot; help@moz.com)"
216.244.66.242 - - [16/Apr/2026:11:21:51 -0600] "GET /blog/2021/01/success-with-wcl-section-18/ HTTP/1.1" 200 - "-" "Mozilla/5.0 (compatible; DotBot/1.2; +https://opensiteexplorer.org/dotbot; help@moz.com)"
216.244.66.242 - - [16/Apr/2026:11:21:56 -0600] "GET /the-team/legal-assistants-and-paralegals/lillian-i-szuba/ HTTP/1.1" 200 - "-" "Mozilla/5.0 (compatible; DotBot/1.2; +https://opensiteexplorer.org/dotbot; help@moz.com)"
66.249.65.163 - - [16/Apr/2026:11:21:57 -0600] "GET /oxichf/t116476673 HTTP/1.1" 200 192658 "-" "Mozilla/5.0 (Linux; Android 6.0.1; Nexus 5X Build/MMB29P) AppleWebKit/537.36 (KHTML, like Gecko) Chrome/146.0.7680.177 Mobile Safari/537.36 (compatible; GoogleOther)"
109.107.178.102 - - [16/Apr/2026:11:22:59 -0600] "GET / HTTP/1.1" 301 - "-" "Mozilla/5.0 (Macintosh; Intel Mac OS X 10.9; rv:51.0) Gecko/20100101 Firefox/51.0"
162.240.221.145 - - [16/Apr/2026:11:23:01 -0600] "POST /wp-cron.php?doing_wp_cron=1776360181.7091379165649414062500 HTTP/1.1" 404 8000 "-" "WordPress/6.9.4; https://thelomad.com"
3.85.132.90 - - [16/Apr/2026:11:25:26 -0600] "GET / HTTP/1.1" 301 - "-" "Mozilla/5.0 (Windows NT 10.0; Win64; x64) AppleWebKit/537.36 (KHTML, like Gecko) Chrome/139.0.0.0 Safari/537.36"
162.240.221.145 - - [16/Apr/2026:11:25:28 -0600] "POST /wp-cron.php?doing_wp_cron=1776360328.0090119838714599609375 HTTP/1.1" 404 23758 "-" "WordPress/6.9.4; https://thelomad.com"
3.145.16.192 - - [16/Apr/2026:11:25:29 -0600] "GET / HTTP/1.1" 301 - "-" "Mozilla/5.0 (Windows NT 10.0; Win64; x64) AppleWebKit/537.36 (KHTML, like Gecko) Chrome/139.0.0.0 Safari/537.36"
3.145.16.192 - - [16/Apr/2026:11:25:29 -0600] "GET / HTTP/1.1" 301 - "-" "Mozilla/5.0 (Windows NT 10.0; Win64; x64) AppleWebKit/537.36 (KHTML, like Gecko) Chrome/139.0.0.0 Safari/537.36"
18.119.136.143 - - [16/Apr/2026:11:25:29 -0600] "GET / HTTP/1.1" 301 - "-" "Mozilla/5.0 (Windows NT 10.0; Win64; x64) AppleWebKit/537.36 (KHTML, like Gecko) Chrome/139.0.0.0 Safari/537.36"
18.205.176.227 - - [16/Apr/2026:11:25:29 -0600] "GET / HTTP/1.1" 301 - "-" "Mozilla/5.0 (Windows NT 10.0; Win64; x64) AppleWebKit/537.36 (KHTML, like Gecko) Chrome/139.0.0.0 Safari/537.36"
18.119.136.143 - - [16/Apr/2026:11:25:29 -0600] "GET / HTTP/1.1" 301 - "-" "Mozilla/5.0 (Windows NT 10.0; Win64; x64) AppleWebKit/537.36 (KHTML, like Gecko) Chrome/139.0.0.0 Safari/537.36"
3.141.24.253 - - [16/Apr/2026:11:25:30 -0600] "GET / HTTP/1.1" 301 - "-" "Mozilla/5.0 (Windows NT 10.0; Win64; x64) AppleWebKit/537.36 (KHTML, like Gecko) Chrome/139.0.0.0 Safari/537.36"
3.141.24.253 - - [16/Apr/2026:11:25:30 -0600] "GET / HTTP/1.1" 301 - "-" "Mozilla/5.0 (Windows NT 10.0; Win64; x64) AppleWebKit/537.36 (KHTML, like Gecko) Chrome/139.0.0.0 Safari/537.36"
66.249.65.163 - - [16/Apr/2026:11:26:29 -0600] "GET /uabcot/t116355930 HTTP/1.1" 200 190233 "-" "Mozilla/5.0 (Linux; Android 6.0.1; Nexus 5X Build/MMB29P) AppleWebKit/537.36 (KHTML, like Gecko) Chrome/146.0.7680.177 Mobile Safari/537.36 (compatible; GoogleOther)"
150.129.93.206 - - [16/Apr/2026:11:27:39 -0600] "GET / HTTP/1.1" 301 - "-" "Mozilla/5.0 (Windows NT 10.0; Win64; x64) AppleWebKit/537.36 (KHTML, like Gecko) Chrome/142.0.0.0 Safari/537.36"
162.240.221.145 - - [16/Apr/2026:11:27:40 -0600] "POST /wp-cron.php?doing_wp_cron=1776360460.7934269905090332031250 HTTP/1.1" 404 8000 "-" "WordPress/6.9.4; https://thelomad.com"
66.249.65.164 - - [16/Apr/2026:11:28:46 -0600] "GET /kwwkbv/t116471882 HTTP/1.1" 200 159265 "-" "Mozilla/5.0 (Linux; Android 6.0.1; Nexus 5X Build/MMB29P) AppleWebKit/537.36 (KHTML, like Gecko) Chrome/146.0.7680.177 Mobile Safari/537.36 (compatible; GoogleOther)"
66.249.65.163 - - [16/Apr/2026:11:28:48 -0600] "GET /siyrej/t11632363 HTTP/1.1" 200 190579 "-" "Mozilla/5.0 (Linux; Android 6.0.1; Nexus 5X Build/MMB29P) AppleWebKit/537.36 (KHTML, like Gecko) Chrome/146.0.7680.177 Mobile Safari/537.36 (compatible; GoogleOther)"
66.249.65.163 - - [16/Apr/2026:11:28:53 -0600] "GET /uabcot/t11686985 HTTP/1.1" 200 193518 "-" "Mozilla/5.0 (Linux; Android 6.0.1; Nexus 5X Build/MMB29P) AppleWebKit/537.36 (KHTML, like Gecko) Chrome/146.0.7680.177 Mobile Safari/537.36 (compatible; GoogleOther)"
66.249.65.162 - - [16/Apr/2026:11:28:58 -0600] "GET /oxichf/t11653579 HTTP/1.1" 200 192141 "-" "Mozilla/5.0 (Linux; Android 6.0.1; Nexus 5X Build/MMB29P) AppleWebKit/537.36 (KHTML, like Gecko) Chrome/146.0.7680.177 Mobile Safari/537.36 (compatible; GoogleOther)"
66.249.65.162 - - [16/Apr/2026:11:30:20 -0600] "GET /uabcot/t11686985 HTTP/1.1" 200 193876 "-" "Mozilla/5.0 (Linux; Android 6.0.1; Nexus 5X Build/MMB29P) AppleWebKit/537.36 (KHTML, like Gecko) Chrome/146.0.7680.177 Mobile Safari/537.36 (compatible; Googlebot/2.1; +http://www.google.com/bot.html)"
66.249.65.162 - - [16/Apr/2026:11:31:02 -0600] "GET /uabcot/t116183530 HTTP/1.1" 200 174454 "-" "Mozilla/5.0 (Linux; Android 6.0.1; Nexus 5X Build/MMB29P) AppleWebKit/537.36 (KHTML, like Gecko) Chrome/146.0.7680.177 Mobile Safari/537.36 (compatible; GoogleOther)"
66.249.65.162 - - [16/Apr/2026:11:31:20 -0600] "GET /siyrej/t11632363 HTTP/1.1" 200 190378 "-" "Mozilla/5.0 (Linux; Android 6.0.1; Nexus 5X Build/MMB29P) AppleWebKit/537.36 (KHTML, like Gecko) Chrome/146.0.7680.177 Mobile Safari/537.36 (compatible; Googlebot/2.1; +http://www.google.com/bot.html)"
66.249.65.162 - - [16/Apr/2026:11:32:21 -0600] "GET /kwwkbv/t116471882 HTTP/1.1" 200 159358 "-" "Mozilla/5.0 (Linux; Android 6.0.1; Nexus 5X Build/MMB29P) AppleWebKit/537.36 (KHTML, like Gecko) Chrome/146.0.7680.177 Mobile Safari/537.36 (compatible; Googlebot/2.1; +http://www.google.com/bot.html)"
66.249.65.162 - - [16/Apr/2026:11:35:35 -0600] "GET /jgnrqy/t11688289 HTTP/1.1" 200 162368 "-" "Mozilla/5.0 (Linux; Android 6.0.1; Nexus 5X Build/MMB29P) AppleWebKit/537.36 (KHTML, like Gecko) Chrome/146.0.7680.177 Mobile Safari/537.36 (compatible; GoogleOther)"
66.249.65.163 - - [16/Apr/2026:11:40:08 -0600] "GET /kwwkbv/t11655328 HTTP/1.1" 200 193540 "-" "Mozilla/5.0 (Linux; Android 6.0.1; Nexus 5X Build/MMB29P) AppleWebKit/537.36 (KHTML, like Gecko) Chrome/146.0.7680.177 Mobile Safari/537.36 (compatible; GoogleOther)"
66.249.65.163 - - [16/Apr/2026:11:41:16 -0600] "GET /jgnrqy/t116282049 HTTP/1.1" 200 149010 "-" "Mozilla/5.0 (Linux; Android 6.0.1; Nexus 5X Build/MMB29P) AppleWebKit/537.36 (KHTML, like Gecko) Chrome/146.0.7680.177 Mobile Safari/537.36 (compatible; GoogleOther)"
66.249.65.162 - - [16/Apr/2026:11:44:40 -0600] "GET /oxichf/t11628737 HTTP/1.1" 200 164897 "-" "Mozilla/5.0 (Linux; Android 6.0.1; Nexus 5X Build/MMB29P) AppleWebKit/537.36 (KHTML, like Gecko) Chrome/146.0.7680.177 Mobile Safari/537.36 (compatible; GoogleOther)"
188.165.52.44 - - [16/Apr/2026:11:46:48 -0600] "GET /lomad-vip/ HTTP/1.1" 200 66191 "-" "Mozilla/5.0 (Linux; Android 10; K) AppleWebKit/537.36 (KHTML, like Gecko) Chrome/111.0.0.0 Mobile Safari/537.36"
54.38.153.170 - - [16/Apr/2026:11:46:48 -0600] "GET / HTTP/1.1" 301 - "-" "Mozilla/5.0 (Macintosh; Intel Mac OS X 10_15_7) AppleWebKit/605.1.15 (KHTML, like Gecko) Version/17.0 Safari/605.1.1"
66.249.65.162 - - [16/Apr/2026:11:49:13 -0600] "GET /kwwkbv/t116150177 HTTP/1.1" 200 160864 "-" "Mozilla/5.0 (Linux; Android 6.0.1; Nexus 5X Build/MMB29P) AppleWebKit/537.36 (KHTML, like Gecko) Chrome/146.0.7680.177 Mobile Safari/537.36 (compatible; GoogleOther)"
66.249.65.164 - - [16/Apr/2026:11:53:46 -0600] "GET /uabcot/t11655117 HTTP/1.1" 200 168798 "-" "Mozilla/5.0 (Linux; Android 6.0.1; Nexus 5X Build/MMB29P) AppleWebKit/537.36 (KHTML, like Gecko) Chrome/146.0.7680.177 Mobile Safari/537.36 (compatible; GoogleOther)"
66.249.65.163 - - [16/Apr/2026:11:53:49 -0600] "GET /siyrej/t116258335 HTTP/1.1" 200 203251 "-" "Mozilla/5.0 (Linux; Android 6.0.1; Nexus 5X Build/MMB29P) AppleWebKit/537.36 (KHTML, like Gecko) Chrome/146.0.7680.177 Mobile Safari/537.36 (compatible; GoogleOther)"
66.249.65.163 - - [16/Apr/2026:11:58:18 -0600] "GET /jgnrqy/t116196129 HTTP/1.1" 200 172625 "-" "Mozilla/5.0 (Linux; Android 6.0.1; Nexus 5X Build/MMB29P) AppleWebKit/537.36 (KHTML, like Gecko) Chrome/146.0.7680.177 Mobile Safari/537.36 (compatible; GoogleOther)"
209.222.82.20 - - [16/Apr/2026:11:58:51 -0600] "GET / HTTP/1.0" 301 - "-" "Mozilla/4.0 (compatible; MSIE 8.0; Windows NT 6.1; WOW64; Trident/4.0; SLCC2; .NET CLR 2.0.50727; .NET CLR 3.5.30729; .NET CLR 3.0.30729)"
209.222.82.20 - - [16/Apr/2026:11:58:54 -0600] "GET / HTTP/1.0" 301 - "-" "Mozilla/4.0 (compatible; MSIE 8.0; Windows NT 6.1; WOW64; Trident/4.0; SLCC2; .NET CLR 2.0.50727; .NET CLR 3.5.30729; .NET CLR 3.0.30729)"
66.249.65.163 - - [16/Apr/2026:12:02:51 -0600] "GET /jgnrqy/t116373953 HTTP/1.1" 200 179124 "-" "Mozilla/5.0 (Linux; Android 6.0.1; Nexus 5X Build/MMB29P) AppleWebKit/537.36 (KHTML, like Gecko) Chrome/146.0.7680.177 Mobile Safari/537.36 (compatible; GoogleOther)"
66.249.65.164 - - [16/Apr/2026:12:02:53 -0600] "GET /jgnrqy/t116437665 HTTP/1.1" 200 155633 "-" "Mozilla/5.0 (Linux; Android 6.0.1; Nexus 5X Build/MMB29P) AppleWebKit/537.36 (KHTML, like Gecko) Chrome/146.0.7680.177 Mobile Safari/537.36 (compatible; GoogleOther)"
66.249.65.162 - - [16/Apr/2026:12:02:56 -0600] "GET /jgnrqy/t11620965 HTTP/1.1" 200 145259 "-" "Mozilla/5.0 (Linux; Android 6.0.1; Nexus 5X Build/MMB29P) AppleWebKit/537.36 (KHTML, like Gecko) Chrome/146.0.7680.177 Mobile Safari/537.36 (compatible; GoogleOther)"
66.249.65.163 - - [16/Apr/2026:12:02:58 -0600] "GET /jgnrqy/t116437281 HTTP/1.1" 200 165266 "-" "Mozilla/5.0 (Linux; Android 6.0.1; Nexus 5X Build/MMB29P) AppleWebKit/537.36 (KHTML, like Gecko) Chrome/146.0.7680.177 Mobile Safari/537.36 (compatible; GoogleOther)"
216.244.66.242 - - [16/Apr/2026:12:03:00 -0600] "GET /robots.txt HTTP/1.1" 200 - "-" "Mozilla/5.0 (compatible; DotBot/1.2; +https://opensiteexplorer.org/dotbot; help@moz.com)"
216.244.66.242 - - [16/Apr/2026:12:03:00 -0600] "GET /robots.txt HTTP/1.1" 200 - "-" "Mozilla/5.0 (compatible; DotBot/1.2; +https://opensiteexplorer.org/dotbot; help@moz.com)"
66.249.65.162 - - [16/Apr/2026:12:03:00 -0600] "GET /jgnrqy/t116397447 HTTP/1.1" 200 173208 "-" "Mozilla/5.0 (Linux; Android 6.0.1; Nexus 5X Build/MMB29P) AppleWebKit/537.36 (KHTML, like Gecko) Chrome/146.0.7680.177 Mobile Safari/537.36 (compatible; GoogleOther)"
66.249.65.163 - - [16/Apr/2026:12:03:31 -0600] "GET /jgnrqy/t11620965 HTTP/1.1" 200 145499 "-" "Mozilla/5.0 (Linux; Android 6.0.1; Nexus 5X Build/MMB29P) AppleWebKit/537.36 (KHTML, like Gecko) Chrome/146.0.7680.177 Mobile Safari/537.36 (compatible; Googlebot/2.1; +http://www.google.com/bot.html)"
66.249.65.162 - - [16/Apr/2026:12:03:40 -0600] "GET /jgnrqy/t116326673 HTTP/1.1" 200 192750 "-" "Mozilla/5.0 (Linux; Android 6.0.1; Nexus 5X Build/MMB29P) AppleWebKit/537.36 (KHTML, like Gecko) Chrome/146.0.7680.177 Mobile Safari/537.36 (compatible; GoogleOther)"
66.249.65.162 - - [16/Apr/2026:12:04:01 -0600] "GET /jgnrqy/t116397447 HTTP/1.1" 200 173506 "-" "Mozilla/5.0 (Linux; Android 6.0.1; Nexus 5X Build/MMB29P) AppleWebKit/537.36 (KHTML, like Gecko) Chrome/146.0.7680.177 Mobile Safari/537.36 (compatible; Googlebot/2.1; +http://www.google.com/bot.html)"
66.249.65.163 - - [16/Apr/2026:12:07:24 -0600] "GET /jgnrqy/t116476865 HTTP/1.1" 200 196998 "-" "Mozilla/5.0 (Linux; Android 6.0.1; Nexus 5X Build/MMB29P) AppleWebKit/537.36 (KHTML, like Gecko) Chrome/146.0.7680.177 Mobile Safari/537.36 (compatible; GoogleOther)"
216.244.66.242 - - [16/Apr/2026:12:07:58 -0600] "GET /?refPageViewId=6f03dde0016f3a2b HTTP/1.1" 200 - "-" "Mozilla/5.0 (compatible; DotBot/1.2; +https://opensiteexplorer.org/dotbot; help@moz.com)"
216.244.66.242 - - [16/Apr/2026:12:08:05 -0600] "GET /?refPageViewId=6f80994bc0de8f34 HTTP/1.1" 200 - "-" "Mozilla/5.0 (compatible; DotBot/1.2; +https://opensiteexplorer.org/dotbot; help@moz.com)"
216.244.66.242 - - [16/Apr/2026:12:08:10 -0600] "GET /?refPageViewId=705abcf6e1d08f65 HTTP/1.1" 200 - "-" "Mozilla/5.0 (compatible; DotBot/1.2; +https://opensiteexplorer.org/dotbot; help@moz.com)"
216.244.66.242 - - [16/Apr/2026:12:08:14 -0600] "GET /?refPageViewId=7033a44395e48f47 HTTP/1.1" 200 - "-" "Mozilla/5.0 (compatible; DotBot/1.2; +https://opensiteexplorer.org/dotbot; help@moz.com)"
216.244.66.242 - - [16/Apr/2026:12:08:18 -0600] "GET /?refPageViewId=71e7c7ae632930d1 HTTP/1.1" 200 - "-" "Mozilla/5.0 (compatible; DotBot/1.2; +https://opensiteexplorer.org/dotbot; help@moz.com)"
216.244.66.242 - - [16/Apr/2026:12:08:20 -0600] "GET /blog/2016/10/to-wean-or-not-to-wean-that-is-the-question/ HTTP/1.1" 200 - "-" "Mozilla/5.0 (compatible; DotBot/1.2; +https://opensiteexplorer.org/dotbot; help@moz.com)"
66.249.65.162 - - [16/Apr/2026:12:09:01 -0600] "GET /kwwkbv/t116471687 HTTP/1.1" 200 172209 "-" "Mozilla/5.0 (Linux; Android 6.0.1; Nexus 5X Build/MMB29P) AppleWebKit/537.36 (KHTML, like Gecko) Chrome/146.0.7680.177 Mobile Safari/537.36 (compatible; GoogleOther)"
100.48.136.27 - - [16/Apr/2026:12:10:53 -0600] "GET / HTTP/1.1" 301 - "-" "Mozilla/5.0 (X11; Linux x86_64) AppleWebKit/537.36 (KHTML, like Gecko) Chrome/124.0.0.0 Safari/537.36"
38.206.1.229 - - [16/Apr/2026:12:12:16 -0600] "GET / HTTP/1.1" 301 - "-" "Mozilla/5.0 (Windows NT 10.0; Win64; x64) AppleWebKit/537.36 (KHTML, like Gecko) Chrome/144.0.0.0 Safari/537.36"
162.240.221.145 - - [16/Apr/2026:12:12:18 -0600] "POST /wp-cron.php?doing_wp_cron=1776363138.1182210445404052734375 HTTP/1.1" 404 23758 "-" "WordPress/6.9.4; https://thelomad.com"
216.244.66.242 - - [16/Apr/2026:12:14:05 -0600] "GET /lomadtv/the-legal-scoop/lomad-test.getmad.today/sitemap HTTP/1.1" 200 - "-" "Mozilla/5.0 (compatible; DotBot/1.2; +https://opensiteexplorer.org/dotbot; help@moz.com)"
66.249.65.164 - - [16/Apr/2026:12:14:23 -0600] "GET /uabcot/t116424634 HTTP/1.1" 200 164379 "-" "Mozilla/5.0 (Linux; Android 6.0.1; Nexus 5X Build/MMB29P) AppleWebKit/537.36 (KHTML, like Gecko) Chrome/146.0.7680.177 Mobile Safari/537.36 (compatible; GoogleOther)"
216.244.66.242 - - [16/Apr/2026:12:14:51 -0600] "GET /?refPageViewId=757e546470bcc377 HTTP/1.1" 200 - "-" "Mozilla/5.0 (compatible; DotBot/1.2; +https://opensiteexplorer.org/dotbot; help@moz.com)"
66.249.65.163 - - [16/Apr/2026:12:19:44 -0600] "GET /xgyfcg/t116211297 HTTP/1.1" 200 163450 "-" "Mozilla/5.0 (Linux; Android 6.0.1; Nexus 5X Build/MMB29P) AppleWebKit/537.36 (KHTML, like Gecko) Chrome/146.0.7680.177 Mobile Safari/537.36 (compatible; GoogleOther)"
66.249.65.164 - - [16/Apr/2026:12:21:02 -0600] "GET /jgnrqy/t116368865 HTTP/1.1" 200 164900 "-" "Mozilla/5.0 (Linux; Android 6.0.1; Nexus 5X Build/MMB29P) AppleWebKit/537.36 (KHTML, like Gecko) Chrome/146.0.7680.177 Mobile Safari/537.36 (compatible; GoogleOther)"
66.249.65.164 - - [16/Apr/2026:12:25:06 -0600] "GET /siyrej/t116311206 HTTP/1.1" 200 187919 "-" "Mozilla/5.0 (Linux; Android 6.0.1; Nexus 5X Build/MMB29P) AppleWebKit/537.36 (KHTML, like Gecko) Chrome/146.0.7680.177 Mobile Safari/537.36 (compatible; GoogleOther)"
66.249.65.162 - - [16/Apr/2026:12:30:27 -0600] "GET /oxichf/t116467393 HTTP/1.1" 200 164838 "-" "Mozilla/5.0 (Linux; Android 6.0.1; Nexus 5X Build/MMB29P) AppleWebKit/537.36 (KHTML, like Gecko) Chrome/146.0.7680.177 Mobile Safari/537.36 (compatible; GoogleOther)"
66.249.65.163 - - [16/Apr/2026:12:34:40 -0600] "GET /jgnrqy/t116108397 HTTP/1.1" 200 185279 "-" "Mozilla/5.0 (Linux; Android 6.0.1; Nexus 5X Build/MMB29P) AppleWebKit/537.36 (KHTML, like Gecko) Chrome/146.0.7680.177 Mobile Safari/537.36 (compatible; GoogleOther)"
66.249.65.162 - - [16/Apr/2026:12:35:49 -0600] "GET /siyrej/t116359015 HTTP/1.1" 200 161005 "-" "Mozilla/5.0 (Linux; Android 6.0.1; Nexus 5X Build/MMB29P) AppleWebKit/537.36 (KHTML, like Gecko) Chrome/146.0.7680.177 Mobile Safari/537.36 (compatible; GoogleOther)"
3.18.220.185 - - [16/Apr/2026:12:40:07 -0600] "GET / HTTP/1.1" 301 - "-" "curl/8.3.0"
66.249.65.164 - - [16/Apr/2026:12:41:10 -0600] "GET /oxichf/t116283009 HTTP/1.1" 200 147517 "-" "Mozilla/5.0 (Linux; Android 6.0.1; Nexus 5X Build/MMB29P) AppleWebKit/537.36 (KHTML, like Gecko) Chrome/146.0.7680.177 Mobile Safari/537.36 (compatible; GoogleOther)"
66.249.65.163 - - [16/Apr/2026:12:43:46 -0600] "GET /kwwkbv/t11621009 HTTP/1.1" 200 196521 "-" "Mozilla/5.0 (Linux; Android 6.0.1; Nexus 5X Build/MMB29P) AppleWebKit/537.36 (KHTML, like Gecko) Chrome/146.0.7680.177 Mobile Safari/537.36 (compatible; GoogleOther)"
66.249.65.164 - - [16/Apr/2026:12:43:48 -0600] "GET /uabcot/t116277378 HTTP/1.1" 200 159990 "-" "Mozilla/5.0 (Linux; Android 6.0.1; Nexus 5X Build/MMB29P) AppleWebKit/537.36 (KHTML, like Gecko) Chrome/146.0.7680.177 Mobile Safari/537.36 (compatible; GoogleOther)"
66.249.65.162 - - [16/Apr/2026:12:43:51 -0600] "GET /jgnrqy/t116355243 HTTP/1.1" 200 163418 "-" "Mozilla/5.0 (Linux; Android 6.0.1; Nexus 5X Build/MMB29P) AppleWebKit/537.36 (KHTML, like Gecko) Chrome/146.0.7680.177 Mobile Safari/537.36 (compatible; GoogleOther)"
66.249.65.162 - - [16/Apr/2026:12:43:55 -0600] "GET /siyrej/t116433410 HTTP/1.1" 200 185230 "-" "Mozilla/5.0 (Linux; Android 6.0.1; Nexus 5X Build/MMB29P) AppleWebKit/537.36 (KHTML, like Gecko) Chrome/146.0.7680.177 Mobile Safari/537.36 (compatible; GoogleOther)"
66.249.65.164 - - [16/Apr/2026:12:44:00 -0600] "GET /jgnrqy/t11660517 HTTP/1.1" 200 183201 "-" "Mozilla/5.0 (Linux; Android 6.0.1; Nexus 5X Build/MMB29P) AppleWebKit/537.36 (KHTML, like Gecko) Chrome/146.0.7680.177 Mobile Safari/537.36 (compatible; GoogleOther)"
66.249.65.163 - - [16/Apr/2026:12:44:21 -0600] "GET /jgnrqy/t11665281 HTTP/1.1" 200 150133 "-" "Mozilla/5.0 (Linux; Android 6.0.1; Nexus 5X Build/MMB29P) AppleWebKit/537.36 (KHTML, like Gecko) Chrome/146.0.7680.177 Mobile Safari/537.36 (compatible; GoogleOther)"
66.249.65.162 - - [16/Apr/2026:12:44:29 -0600] "GET /uabcot/t116277378 HTTP/1.1" 200 160073 "-" "Mozilla/5.0 (Linux; Android 6.0.1; Nexus 5X Build/MMB29P) AppleWebKit/537.36 (KHTML, like Gecko) Chrome/146.0.7680.177 Mobile Safari/537.36 (compatible; Googlebot/2.1; +http://www.google.com/bot.html)"
66.249.65.164 - - [16/Apr/2026:12:45:00 -0600] "GET /siyrej/t116433410 HTTP/1.1" 200 185128 "-" "Mozilla/5.0 (Linux; Android 6.0.1; Nexus 5X Build/MMB29P) AppleWebKit/537.36 (KHTML, like Gecko) Chrome/146.0.7680.177 Mobile Safari/537.36 (compatible; Googlebot/2.1; +http://www.google.com/bot.html)"
66.249.65.163 - - [16/Apr/2026:12:46:31 -0600] "GET /oxichf/t116424319 HTTP/1.1" 200 156764 "-" "Mozilla/5.0 (Linux; Android 6.0.1; Nexus 5X Build/MMB29P) AppleWebKit/537.36 (KHTML, like Gecko) Chrome/146.0.7680.177 Mobile Safari/537.36 (compatible; GoogleOther)"
216.244.66.242 - - [16/Apr/2026:12:48:16 -0600] "GET /robots.txt HTTP/1.1" 200 - "-" "Mozilla/5.0 (compatible; DotBot/1.2; +https://opensiteexplorer.org/dotbot; help@moz.com)"
216.244.66.242 - - [16/Apr/2026:12:48:16 -0600] "GET /robots.txt HTTP/1.1" 200 - "-" "Mozilla/5.0 (compatible; DotBot/1.2; +https://opensiteexplorer.org/dotbot; help@moz.com)"
66.249.65.163 - - [16/Apr/2026:12:48:18 -0600] "GET /xgyfcg/t116190945 HTTP/1.1" 200 155220 "-" "Mozilla/5.0 (Linux; Android 6.0.1; Nexus 5X Build/MMB29P) AppleWebKit/537.36 (KHTML, like Gecko) Chrome/146.0.7680.177 Mobile Safari/537.36 (compatible; GoogleOther)"
66.249.65.163 - - [16/Apr/2026:12:49:43 -0600] "GET /jgnrqy/t116355243 HTTP/1.1" 200 163955 "-" "Mozilla/5.0 (Linux; Android 6.0.1; Nexus 5X Build/MMB29P) AppleWebKit/537.36 (KHTML, like Gecko) Chrome/146.0.7680.177 Mobile Safari/537.36 (compatible; Googlebot/2.1; +http://www.google.com/bot.html)"
66.249.65.164 - - [16/Apr/2026:12:51:53 -0600] "GET /siyrej/t11648001 HTTP/1.1" 200 190200 "-" "Mozilla/5.0 (Linux; Android 6.0.1; Nexus 5X Build/MMB29P) AppleWebKit/537.36 (KHTML, like Gecko) Chrome/146.0.7680.177 Mobile Safari/537.36 (compatible; GoogleOther)"
44.250.182.241 - - [16/Apr/2026:12:52:14 -0600] "GET / HTTP/1.1" 301 - "-" "Mozilla/5.0 (Windows NT 10.0; Win64; x64) AppleWebKit/537.36 (KHTML, like Gecko) Chrome/113.0.0.0 Safari/537.36"
162.240.221.145 - - [16/Apr/2026:12:52:15 -0600] "POST /wp-cron.php?doing_wp_cron=1776365535.4592010974884033203125 HTTP/1.1" 404 23758 "-" "WordPress/6.9.4; https://thelomad.com"
104.45.211.239 - - [16/Apr/2026:12:52:19 -0600] "GET / HTTP/1.1" 301 - "-" "Mozilla/5.0 (Windows NT 10.0; WOW64) AppleWebKit/537.36 (KHTML, like Gecko) Chrome/63.0.3239.84 Safari/537.36"
216.244.66.242 - - [16/Apr/2026:12:52:57 -0600] "GET /?refPageViewId=6bad6daef439e466 HTTP/1.1" 200 - "-" "Mozilla/5.0 (compatible; DotBot/1.2; +https://opensiteexplorer.org/dotbot; help@moz.com)"
216.244.66.242 - - [16/Apr/2026:12:53:03 -0600] "GET /?refPageViewId=6d9d644f80008f41 HTTP/1.1" 200 - "-" "Mozilla/5.0 (compatible; DotBot/1.2; +https://opensiteexplorer.org/dotbot; help@moz.com)"
216.244.66.242 - - [16/Apr/2026:12:53:07 -0600] "GET /?refPageViewId=6f521b39b5b4091b HTTP/1.1" 200 - "-" "Mozilla/5.0 (compatible; DotBot/1.2; +https://opensiteexplorer.org/dotbot; help@moz.com)"
216.244.66.242 - - [16/Apr/2026:12:53:11 -0600] "GET /?refPageViewId=6f87d5fe940e6835 HTTP/1.1" 200 - "-" "Mozilla/5.0 (compatible; DotBot/1.2; +https://opensiteexplorer.org/dotbot; help@moz.com)"
216.244.66.242 - - [16/Apr/2026:12:53:14 -0600] "GET /?refPageViewId=72e38d80818960ef HTTP/1.1" 200 - "-" "Mozilla/5.0 (compatible; DotBot/1.2; +https://opensiteexplorer.org/dotbot; help@moz.com)"
216.244.66.242 - - [16/Apr/2026:12:53:18 -0600] "GET /?refPageViewId=732934db249f680e HTTP/1.1" 200 - "-" "Mozilla/5.0 (compatible; DotBot/1.2; +https://opensiteexplorer.org/dotbot; help@moz.com)"
216.244.66.242 - - [16/Apr/2026:12:53:22 -0600] "GET /?refPageViewId=6ece6856e5950869 HTTP/1.1" 200 - "-" "Mozilla/5.0 (compatible; DotBot/1.2; +https://opensiteexplorer.org/dotbot; help@moz.com)"
122.55.94.34 - - [16/Apr/2026:12:56:32 -0600] "GET /wp-content/plugins/pdf-viewer-for-wordpress/tnc-resources/modaal.min.css?ver=12.5.5 HTTP/1.1" 200 13592 "http://thelomad.com/sapp-wp-signon.php?pass=ar385nfvs9nqoomqamdycosuiby9d6pf" "Mozilla/5.0 (Windows NT 10.0; Win64; x64) AppleWebKit/537.36 (KHTML, like Gecko) Chrome/147.0.0.0 Safari/537.36"
122.55.94.34 - - [16/Apr/2026:12:56:32 -0600] "GET /wp-content/plugins/pojo-accessibility/modules/legacy/assets/css/style.min.css?ver=1.0.0 HTTP/1.1" 200 52333 "http://thelomad.com/sapp-wp-signon.php?pass=ar385nfvs9nqoomqamdycosuiby9d6pf" "Mozilla/5.0 (Windows NT 10.0; Win64; x64) AppleWebKit/537.36 (KHTML, like Gecko) Chrome/147.0.0.0 Safari/537.36"
122.55.94.34 - - [16/Apr/2026:12:56:32 -0600] "GET /wp-content/plugins/addons-for-divi/assets/css/frontend.css?ver=4.2.2 HTTP/1.1" 200 9068 "http://thelomad.com/sapp-wp-signon.php?pass=ar385nfvs9nqoomqamdycosuiby9d6pf" "Mozilla/5.0 (Windows NT 10.0; Win64; x64) AppleWebKit/537.36 (KHTML, like Gecko) Chrome/147.0.0.0 Safari/537.36"
122.55.94.34 - - [16/Apr/2026:12:56:32 -0600] "GET /wp-content/plugins/addons-for-divi/assets/libs/magnific-popup/magnific-popup.css?ver=4.2.2 HTTP/1.1" 200 6852 "http://thelomad.com/sapp-wp-signon.php?pass=ar385nfvs9nqoomqamdycosuiby9d6pf" "Mozilla/5.0 (Windows NT 10.0; Win64; x64) AppleWebKit/537.36 (KHTML, like Gecko) Chrome/147.0.0.0 Safari/537.36"
122.55.94.34 - - [16/Apr/2026:12:56:32 -0600] "GET /wp-content/plugins/addons-for-divi/assets/deprecated/index.min.css?ver=4.2.2 HTTP/1.1" 200 31496 "http://thelomad.com/sapp-wp-signon.php?pass=ar385nfvs9nqoomqamdycosuiby9d6pf" "Mozilla/5.0 (Windows NT 10.0; Win64; x64) AppleWebKit/537.36 (KHTML, like Gecko) Chrome/147.0.0.0 Safari/537.36"
122.55.94.34 - - [16/Apr/2026:12:56:32 -0600] "GET /wp-content/themes/Divi/style.min.css?ver=4.27.6 HTTP/1.1" 200 26637 "http://thelomad.com/sapp-wp-signon.php?pass=ar385nfvs9nqoomqamdycosuiby9d6pf" "Mozilla/5.0 (Windows NT 10.0; Win64; x64) AppleWebKit/537.36 (KHTML, like Gecko) Chrome/147.0.0.0 Safari/537.36"
122.55.94.34 - - [16/Apr/2026:12:56:32 -0600] "GET /wp-content/et-cache/notfound/et-divi-dynamic-tb-51147-tb-51148-late.css?ver=1775656358 HTTP/1.1" 200 63985 "http://thelomad.com/sapp-wp-signon.php?pass=ar385nfvs9nqoomqamdycosuiby9d6pf" "Mozilla/5.0 (Windows NT 10.0; Win64; x64) AppleWebKit/537.36 (KHTML, like Gecko) Chrome/147.0.0.0 Safari/537.36"
122.55.94.34 - - [16/Apr/2026:12:56:32 -0600] "GET /wp-content/plugins/addons-for-divi/assets/css/modules-style.css?ver=4.2.2 HTTP/1.1" 200 106130 "http://thelomad.com/sapp-wp-signon.php?pass=ar385nfvs9nqoomqamdycosuiby9d6pf" "Mozilla/5.0 (Windows NT 10.0; Win64; x64) AppleWebKit/537.36 (KHTML, like Gecko) Chrome/147.0.0.0 Safari/537.36"
122.55.94.34 - - [16/Apr/2026:12:56:32 -0600] "GET /wp-content/et-cache/notfound/et-divi-dynamic-tb-51147-tb-51148.css?ver=1775656358 HTTP/1.1" 200 56991 "http://thelomad.com/sapp-wp-signon.php?pass=ar385nfvs9nqoomqamdycosuiby9d6pf" "Mozilla/5.0 (Windows NT 10.0; Win64; x64) AppleWebKit/537.36 (KHTML, like Gecko) Chrome/147.0.0.0 Safari/537.36"
122.55.94.34 - - [16/Apr/2026:12:56:33 -0600] "GET /wp-content/plugins/breadcrumbs-divi-module/styles/style.min.css?ver=1.2.4 HTTP/1.1" 200 590 "http://thelomad.com/sapp-wp-signon.php?pass=ar385nfvs9nqoomqamdycosuiby9d6pf" "Mozilla/5.0 (Windows NT 10.0; Win64; x64) AppleWebKit/537.36 (KHTML, like Gecko) Chrome/147.0.0.0 Safari/537.36"
122.55.94.34 - - [16/Apr/2026:12:56:33 -0600] "GET /wp-content/plugins/divi-blurb-extended/styles/style.min.css?ver=2.2.7 HTTP/1.1" 200 39806 "http://thelomad.com/sapp-wp-signon.php?pass=ar385nfvs9nqoomqamdycosuiby9d6pf" "Mozilla/5.0 (Windows NT 10.0; Win64; x64) AppleWebKit/537.36 (KHTML, like Gecko) Chrome/147.0.0.0 Safari/537.36"
122.55.94.34 - - [16/Apr/2026:12:56:33 -0600] "GET /wp-content/plugins/tablepress/css/build/default.css?ver=3.3 HTTP/1.1" 200 8115 "http://thelomad.com/sapp-wp-signon.php?pass=ar385nfvs9nqoomqamdycosuiby9d6pf" "Mozilla/5.0 (Windows NT 10.0; Win64; x64) AppleWebKit/537.36 (KHTML, like Gecko) Chrome/147.0.0.0 Safari/537.36"
122.55.94.34 - - [16/Apr/2026:12:56:33 -0600] "GET /wp-content/plugins/filebird-document-library/blocks/dist/index.css?ver=3.0.8 HTTP/1.1" 200 32312 "http://thelomad.com/sapp-wp-signon.php?pass=ar385nfvs9nqoomqamdycosuiby9d6pf" "Mozilla/5.0 (Windows NT 10.0; Win64; x64) AppleWebKit/537.36 (KHTML, like Gecko) Chrome/147.0.0.0 Safari/537.36"
122.55.94.34 - - [16/Apr/2026:12:56:33 -0600] "GET /wp-content/themes/Divi/includes/builder/styles/magnific_popup.css HTTP/1.1" 200 6488 "http://thelomad.com/sapp-wp-signon.php?pass=ar385nfvs9nqoomqamdycosuiby9d6pf" "Mozilla/5.0 (Windows NT 10.0; Win64; x64) AppleWebKit/537.36 (KHTML, like Gecko) Chrome/147.0.0.0 Safari/537.36"
122.55.94.34 - - [16/Apr/2026:12:56:33 -0600] "GET /wp-content/et-cache/global/et-divi-customizer-global.min.css?ver=1775656358 HTTP/1.1" 200 38181 "http://thelomad.com/sapp-wp-signon.php?pass=ar385nfvs9nqoomqamdycosuiby9d6pf" "Mozilla/5.0 (Windows NT 10.0; Win64; x64) AppleWebKit/537.36 (KHTML, like Gecko) Chrome/147.0.0.0 Safari/537.36"
122.55.94.34 - - [16/Apr/2026:12:56:33 -0600] "GET /wp-content/et-cache/51147/et-core-unified-cpt-51147.min.css?ver=1775656359 HTTP/1.1" 200 158 "http://thelomad.com/sapp-wp-signon.php?pass=ar385nfvs9nqoomqamdycosuiby9d6pf" "Mozilla/5.0 (Windows NT 10.0; Win64; x64) AppleWebKit/537.36 (KHTML, like Gecko) Chrome/147.0.0.0 Safari/537.36"
122.55.94.34 - - [16/Apr/2026:12:56:33 -0600] "GET /wp-content/et-cache/51147/et-core-unified-cpt-deferred-51147.min.css?ver=1775656359 HTTP/1.1" 200 13488 "http://thelomad.com/sapp-wp-signon.php?pass=ar385nfvs9nqoomqamdycosuiby9d6pf" "Mozilla/5.0 (Windows NT 10.0; Win64; x64) AppleWebKit/537.36 (KHTML, like Gecko) Chrome/147.0.0.0 Safari/537.36"
122.55.94.34 - - [16/Apr/2026:12:56:33 -0600] "GET /wp-content/et-cache/51148/et-core-unified-cpt-deferred-51148.min.css?ver=1775656359 HTTP/1.1" 200 9091 "http://thelomad.com/sapp-wp-signon.php?pass=ar385nfvs9nqoomqamdycosuiby9d6pf" "Mozilla/5.0 (Windows NT 10.0; Win64; x64) AppleWebKit/537.36 (KHTML, like Gecko) Chrome/147.0.0.0 Safari/537.36"
122.55.94.34 - - [16/Apr/2026:12:56:33 -0600] "GET /wp-includes/css/dashicons.min.css?ver=6.9.4 HTTP/1.1" 200 59004 "http://thelomad.com/sapp-wp-signon.php?pass=ar385nfvs9nqoomqamdycosuiby9d6pf" "Mozilla/5.0 (Windows NT 10.0; Win64; x64) AppleWebKit/537.36 (KHTML, like Gecko) Chrome/147.0.0.0 Safari/537.36"
122.55.94.34 - - [16/Apr/2026:12:56:33 -0600] "GET /wp-content/plugins/ninja-forms-style/layouts/assets/css/display-structure.css?ver=3.0.29 HTTP/1.1" 200 1561 "http://thelomad.com/sapp-wp-signon.php?pass=ar385nfvs9nqoomqamdycosuiby9d6pf" "Mozilla/5.0 (Windows NT 10.0; Win64; x64) AppleWebKit/537.36 (KHTML, like Gecko) Chrome/147.0.0.0 Safari/537.36"
122.55.94.34 - - [16/Apr/2026:12:56:33 -0600] "GET /wp-content/plugins/ninja-forms/assets/css/display-structure.css?ver=6.9.4 HTTP/1.1" 200 17397 "http://thelomad.com/sapp-wp-signon.php?pass=ar385nfvs9nqoomqamdycosuiby9d6pf" "Mozilla/5.0 (Windows NT 10.0; Win64; x64) AppleWebKit/537.36 (KHTML, like Gecko) Chrome/147.0.0.0 Safari/537.36"
122.55.94.34 - - [16/Apr/2026:12:56:33 -0600] "GET /wp-content/plugins/ninja-forms-multi-part/assets/css/display-structure.css?ver=6.9.4 HTTP/1.1" 200 1179 "http://thelomad.com/sapp-wp-signon.php?pass=ar385nfvs9nqoomqamdycosuiby9d6pf" "Mozilla/5.0 (Windows NT 10.0; Win64; x64) AppleWebKit/537.36 (KHTML, like Gecko) Chrome/147.0.0.0 Safari/537.36"
122.55.94.34 - - [16/Apr/2026:12:56:33 -0600] "GET /wp-includes/js/jquery/jquery.min.js?ver=3.7.1 HTTP/1.1" 200 87553 "http://thelomad.com/sapp-wp-signon.php?pass=ar385nfvs9nqoomqamdycosuiby9d6pf" "Mozilla/5.0 (Windows NT 10.0; Win64; x64) AppleWebKit/537.36 (KHTML, like Gecko) Chrome/147.0.0.0 Safari/537.36"
122.55.94.34 - - [16/Apr/2026:12:56:33 -0600] "GET /wp-includes/js/jquery/jquery-migrate.min.js?ver=3.4.1 HTTP/1.1" 200 13577 "http://thelomad.com/sapp-wp-signon.php?pass=ar385nfvs9nqoomqamdycosuiby9d6pf" "Mozilla/5.0 (Windows NT 10.0; Win64; x64) AppleWebKit/537.36 (KHTML, like Gecko) Chrome/147.0.0.0 Safari/537.36"
122.55.94.34 - - [16/Apr/2026:12:56:33 -0600] "GET /wp-content/plugins/pdf-viewer-for-wordpress/tnc-resources/modaal.min.js?ver=12.5.5 HTTP/1.1" 200 20301 "http://thelomad.com/sapp-wp-signon.php?pass=ar385nfvs9nqoomqamdycosuiby9d6pf" "Mozilla/5.0 (Windows NT 10.0; Win64; x64) AppleWebKit/537.36 (KHTML, like Gecko) Chrome/147.0.0.0 Safari/537.36"
122.55.94.34 - - [16/Apr/2026:12:56:33 -0600] "GET /wp-content/plugins/pdf-viewer-for-wordpress/tnc-resources/custom-modal.js?ver=12.5.5 HTTP/1.1" 200 185 "http://thelomad.com/sapp-wp-signon.php?pass=ar385nfvs9nqoomqamdycosuiby9d6pf" "Mozilla/5.0 (Windows NT 10.0; Win64; x64) AppleWebKit/537.36 (KHTML, like Gecko) Chrome/147.0.0.0 Safari/537.36"
122.55.94.34 - - [16/Apr/2026:12:56:33 -0600] "GET /wp-content/plugins/addons-for-divi/assets/libs/magnific-popup/magnific-popup.js?ver=4.2.2 HTTP/1.1" 200 43807 "http://thelomad.com/sapp-wp-signon.php?pass=ar385nfvs9nqoomqamdycosuiby9d6pf" "Mozilla/5.0 (Windows NT 10.0; Win64; x64) AppleWebKit/537.36 (KHTML, like Gecko) Chrome/147.0.0.0 Safari/537.36"
122.55.94.34 - - [16/Apr/2026:12:56:33 -0600] "GET /wp-content/plugins/addons-for-divi/assets/libs/slick/slick.min.js?ver=4.2.2 HTTP/1.1" 200 43245 "http://thelomad.com/sapp-wp-signon.php?pass=ar385nfvs9nqoomqamdycosuiby9d6pf" "Mozilla/5.0 (Windows NT 10.0; Win64; x64) AppleWebKit/537.36 (KHTML, like Gecko) Chrome/147.0.0.0 Safari/537.36"
122.55.94.34 - - [16/Apr/2026:12:56:33 -0600] "GET /wp-content/plugins/addons-for-divi/assets/libs/counter-up/counter-up.min.js?ver=4.2.2 HTTP/1.1" 200 1928 "http://thelomad.com/sapp-wp-signon.php?pass=ar385nfvs9nqoomqamdycosuiby9d6pf" "Mozilla/5.0 (Windows NT 10.0; Win64; x64) AppleWebKit/537.36 (KHTML, like Gecko) Chrome/147.0.0.0 Safari/537.36"
122.55.94.34 - - [16/Apr/2026:12:56:33 -0600] "GET /wp-content/plugins/addons-for-divi/assets/js/frontend.js?ver=4.2.2 HTTP/1.1" 200 5006 "http://thelomad.com/sapp-wp-signon.php?pass=ar385nfvs9nqoomqamdycosuiby9d6pf" "Mozilla/5.0 (Windows NT 10.0; Win64; x64) AppleWebKit/537.36 (KHTML, like Gecko) Chrome/147.0.0.0 Safari/537.36"
122.55.94.34 - - [16/Apr/2026:12:56:33 -0600] "GET /wp-content/plugins/addons-for-divi/assets/deprecated/popup.min.js?ver=4.2.2 HTTP/1.1" 200 4825 "http://thelomad.com/sapp-wp-signon.php?pass=ar385nfvs9nqoomqamdycosuiby9d6pf" "Mozilla/5.0 (Windows NT 10.0; Win64; x64) AppleWebKit/537.36 (KHTML, like Gecko) Chrome/147.0.0.0 Safari/537.36"
122.55.94.34 - - [16/Apr/2026:12:56:33 -0600] "GET /wp-content/plugins/pojo-accessibility/modules/legacy/assets/js/app.min.js?ver=1.0.0 HTTP/1.1" 200 5313 "http://thelomad.com/sapp-wp-signon.php?pass=ar385nfvs9nqoomqamdycosuiby9d6pf" "Mozilla/5.0 (Windows NT 10.0; Win64; x64) AppleWebKit/537.36 (KHTML, like Gecko) Chrome/147.0.0.0 Safari/537.36"
122.55.94.34 - - [16/Apr/2026:12:56:22 -0600] "GET /sapp-wp-signon.php?pass=ar385nfvs9nqoomqamdycosuiby9d6pf HTTP/1.1" 404 343245 "-" "Mozilla/5.0 (Windows NT 10.0; Win64; x64) AppleWebKit/537.36 (KHTML, like Gecko) Chrome/147.0.0.0 Safari/537.36"
122.55.94.34 - - [16/Apr/2026:12:56:33 -0600] "GET /wp-content/themes/Divi/js/scripts.min.js?ver=4.27.6 HTTP/1.1" 200 274461 "http://thelomad.com/sapp-wp-signon.php?pass=ar385nfvs9nqoomqamdycosuiby9d6pf" "Mozilla/5.0 (Windows NT 10.0; Win64; x64) AppleWebKit/537.36 (KHTML, like Gecko) Chrome/147.0.0.0 Safari/537.36"
122.55.94.34 - - [16/Apr/2026:12:56:34 -0600] "GET /wp-content/themes/Divi/core/admin/fonts/modules/all/modules.woff HTTP/1.1" 200 92084 "http://thelomad.com/wp-content/et-cache/notfound/et-divi-dynamic-tb-51147-tb-51148.css?ver=1775656358" "Mozilla/5.0 (Windows NT 10.0; Win64; x64) AppleWebKit/537.36 (KHTML, like Gecko) Chrome/147.0.0.0 Safari/537.36"
122.55.94.34 - - [16/Apr/2026:12:56:34 -0600] "GET /wp-content/et-cache/notfound/et-divi-dynamic-tb-51147-tb-51148-late.css HTTP/1.1" 200 63985 "http://thelomad.com/sapp-wp-signon.php?pass=ar385nfvs9nqoomqamdycosuiby9d6pf" "Mozilla/5.0 (Windows NT 10.0; Win64; x64) AppleWebKit/537.36 (KHTML, like Gecko) Chrome/147.0.0.0 Safari/537.36"
122.55.94.34 - - [16/Apr/2026:12:56:34 -0600] "GET /wp-content/themes/Divi/includes/builder/feature/dynamic-assets/assets/js/jquery.fitvids.js?ver=4.27.6 HTTP/1.1" 200 3349 "http://thelomad.com/sapp-wp-signon.php?pass=ar385nfvs9nqoomqamdycosuiby9d6pf" "Mozilla/5.0 (Windows NT 10.0; Win64; x64) AppleWebKit/537.36 (KHTML, like Gecko) Chrome/147.0.0.0 Safari/537.36"
122.55.94.34 - - [16/Apr/2026:12:56:34 -0600] "GET /wp-content/plugins/breadcrumbs-divi-module/scripts/frontend-bundle.min.js?ver=1.2.4 HTTP/1.1" 200 560 "http://thelomad.com/sapp-wp-signon.php?pass=ar385nfvs9nqoomqamdycosuiby9d6pf" "Mozilla/5.0 (Windows NT 10.0; Win64; x64) AppleWebKit/537.36 (KHTML, like Gecko) Chrome/147.0.0.0 Safari/537.36"
122.55.94.34 - - [16/Apr/2026:12:56:34 -0600] "GET /wp-content/plugins/divi-blurb-extended/scripts/frontend-bundle.min.js?ver=2.2.7 HTTP/1.1" 200 5938 "http://thelomad.com/sapp-wp-signon.php?pass=ar385nfvs9nqoomqamdycosuiby9d6pf" "Mozilla/5.0 (Windows NT 10.0; Win64; x64) AppleWebKit/537.36 (KHTML, like Gecko) Chrome/147.0.0.0 Safari/537.36"
122.55.94.34 - - [16/Apr/2026:12:56:34 -0600] "GET /wp-includes/js/dist/vendor/react.min.js?ver=18.3.1.1 HTTP/1.1" 200 10628 "http://thelomad.com/sapp-wp-signon.php?pass=ar385nfvs9nqoomqamdycosuiby9d6pf" "Mozilla/5.0 (Windows NT 10.0; Win64; x64) AppleWebKit/537.36 (KHTML, like Gecko) Chrome/147.0.0.0 Safari/537.36"
122.55.94.34 - - [16/Apr/2026:12:56:34 -0600] "GET /wp-includes/js/dist/vendor/react-dom.min.js?ver=18.3.1.1 HTTP/1.1" 200 128946 "http://thelomad.com/sapp-wp-signon.php?pass=ar385nfvs9nqoomqamdycosuiby9d6pf" "Mozilla/5.0 (Windows NT 10.0; Win64; x64) AppleWebKit/537.36 (KHTML, like Gecko) Chrome/147.0.0.0 Safari/537.36"
122.55.94.34 - - [16/Apr/2026:12:56:34 -0600] "GET /wp-includes/js/dist/escape-html.min.js?ver=6561a406d2d232a6fbd2 HTTP/1.1" 200 1000 "http://thelomad.com/sapp-wp-signon.php?pass=ar385nfvs9nqoomqamdycosuiby9d6pf" "Mozilla/5.0 (Windows NT 10.0; Win64; x64) AppleWebKit/537.36 (KHTML, like Gecko) Chrome/147.0.0.0 Safari/537.36"
122.55.94.34 - - [16/Apr/2026:12:56:34 -0600] "GET /wp-includes/js/dist/i18n.min.js?ver=c26c3dc7bed366793375 HTTP/1.1" 200 5314 "http://thelomad.com/sapp-wp-signon.php?pass=ar385nfvs9nqoomqamdycosuiby9d6pf" "Mozilla/5.0 (Windows NT 10.0; Win64; x64) AppleWebKit/537.36 (KHTML, like Gecko) Chrome/147.0.0.0 Safari/537.36"
122.55.94.34 - - [16/Apr/2026:12:56:34 -0600] "GET /wp-includes/js/dist/element.min.js?ver=6a582b0c827fa25df3dd HTTP/1.1" 200 12112 "http://thelomad.com/sapp-wp-signon.php?pass=ar385nfvs9nqoomqamdycosuiby9d6pf" "Mozilla/5.0 (Windows NT 10.0; Win64; x64) AppleWebKit/537.36 (KHTML, like Gecko) Chrome/147.0.0.0 Safari/537.36"
122.55.94.34 - - [16/Apr/2026:12:56:34 -0600] "GET /wp-includes/js/dist/hooks.min.js?ver=dd5603f07f9220ed27f1 HTTP/1.1" 200 5661 "http://thelomad.com/sapp-wp-signon.php?pass=ar385nfvs9nqoomqamdycosuiby9d6pf" "Mozilla/5.0 (Windows NT 10.0; Win64; x64) AppleWebKit/537.36 (KHTML, like Gecko) Chrome/147.0.0.0 Safari/537.36"
122.55.94.34 - - [16/Apr/2026:12:56:34 -0600] "GET /wp-content/plugins/filebird-document-library/blocks/dist/frontend.js?ver=3.0.8 HTTP/1.1" 200 25573 "http://thelomad.com/sapp-wp-signon.php?pass=ar385nfvs9nqoomqamdycosuiby9d6pf" "Mozilla/5.0 (Windows NT 10.0; Win64; x64) AppleWebKit/537.36 (KHTML, like Gecko) Chrome/147.0.0.0 Safari/537.36"
122.55.94.34 - - [16/Apr/2026:12:56:34 -0600] "GET /wp-content/themes/Divi/core/admin/js/common.js?ver=4.27.6 HTTP/1.1" 200 1343 "http://thelomad.com/sapp-wp-signon.php?pass=ar385nfvs9nqoomqamdycosuiby9d6pf" "Mozilla/5.0 (Windows NT 10.0; Win64; x64) AppleWebKit/537.36 (KHTML, like Gecko) Chrome/147.0.0.0 Safari/537.36"
122.55.94.34 - - [16/Apr/2026:12:56:34 -0600] "GET /wp-includes/js/backbone.min.js?ver=1.6.0 HTTP/1.1" 200 24301 "http://thelomad.com/sapp-wp-signon.php?pass=ar385nfvs9nqoomqamdycosuiby9d6pf" "Mozilla/5.0 (Windows NT 10.0; Win64; x64) AppleWebKit/537.36 (KHTML, like Gecko) Chrome/147.0.0.0 Safari/537.36"
122.55.94.34 - - [16/Apr/2026:12:56:34 -0600] "GET /wp-includes/js/underscore.min.js?ver=1.13.7 HTTP/1.1" 200 18905 "http://thelomad.com/sapp-wp-signon.php?pass=ar385nfvs9nqoomqamdycosuiby9d6pf" "Mozilla/5.0 (Windows NT 10.0; Win64; x64) AppleWebKit/537.36 (KHTML, like Gecko) Chrome/147.0.0.0 Safari/537.36"
122.55.94.34 - - [16/Apr/2026:12:56:34 -0600] "GET /wp-content/plugins/ninja-forms-conditionals/assets/js/min/front-end.js?ver=6.9.4 HTTP/1.1" 200 38607 "http://thelomad.com/sapp-wp-signon.php?pass=ar385nfvs9nqoomqamdycosuiby9d6pf" "Mozilla/5.0 (Windows NT 10.0; Win64; x64) AppleWebKit/537.36 (KHTML, like Gecko) Chrome/147.0.0.0 Safari/537.36"
122.55.94.34 - - [16/Apr/2026:12:56:34 -0600] "GET /wp-content/plugins/ninja-forms-style/layouts/assets/js/min/front-end.js?ver=3.0.29 HTTP/1.1" 200 7967 "http://thelomad.com/sapp-wp-signon.php?pass=ar385nfvs9nqoomqamdycosuiby9d6pf" "Mozilla/5.0 (Windows NT 10.0; Win64; x64) AppleWebKit/537.36 (KHTML, like Gecko) Chrome/147.0.0.0 Safari/537.36"
122.55.94.34 - - [16/Apr/2026:12:56:34 -0600] "GET /wp-content/plugins/ninja-forms/assets/js/min/front-end-deps.js?ver=3.14.2 HTTP/1.1" 200 66590 "http://thelomad.com/sapp-wp-signon.php?pass=ar385nfvs9nqoomqamdycosuiby9d6pf" "Mozilla/5.0 (Windows NT 10.0; Win64; x64) AppleWebKit/537.36 (KHTML, like Gecko) Chrome/147.0.0.0 Safari/537.36"
122.55.94.34 - - [16/Apr/2026:12:56:34 -0600] "GET /wp-content/plugins/ninja-forms/assets/js/min/front-end.js?ver=3.14.2 HTTP/1.1" 200 115974 "http://thelomad.com/sapp-wp-signon.php?pass=ar385nfvs9nqoomqamdycosuiby9d6pf" "Mozilla/5.0 (Windows NT 10.0; Win64; x64) AppleWebKit/537.36 (KHTML, like Gecko) Chrome/147.0.0.0 Safari/537.36"
122.55.94.34 - - [16/Apr/2026:12:56:34 -0600] "GET /wp-content/plugins/ninja-forms-multi-part/assets/js/min/front-end.js?ver=3.0.26 HTTP/1.1" 200 13131 "http://thelomad.com/sapp-wp-signon.php?pass=ar385nfvs9nqoomqamdycosuiby9d6pf" "Mozilla/5.0 (Windows NT 10.0; Win64; x64) AppleWebKit/537.36 (KHTML, like Gecko) Chrome/147.0.0.0 Safari/537.36"
122.55.94.34 - - [16/Apr/2026:12:56:34 -0600] "GET /wp-content/themes/Divi/includes/builder/feature/dynamic-assets/assets/js/magnific-popup.js HTTP/1.1" 200 22272 "http://thelomad.com/sapp-wp-signon.php?pass=ar385nfvs9nqoomqamdycosuiby9d6pf" "Mozilla/5.0 (Windows NT 10.0; Win64; x64) AppleWebKit/537.36 (KHTML, like Gecko) Chrome/147.0.0.0 Safari/537.36"
122.55.94.34 - - [16/Apr/2026:12:56:34 -0600] "GET /wp-content/plugins/w3-total-cache/pub/js/lazyload.min.js HTTP/1.1" 200 7462 "http://thelomad.com/sapp-wp-signon.php?pass=ar385nfvs9nqoomqamdycosuiby9d6pf" "Mozilla/5.0 (Windows NT 10.0; Win64; x64) AppleWebKit/537.36 (KHTML, like Gecko) Chrome/147.0.0.0 Safari/537.36"
122.55.94.34 - - [16/Apr/2026:12:56:34 -0600] "GET /wp-content/themes/Divi/includes/builder/feature/dynamic-assets/assets/js/sticky-elements.js?ver=4.27.6 HTTP/1.1" 200 209183 "http://thelomad.com/sapp-wp-signon.php?pass=ar385nfvs9nqoomqamdycosuiby9d6pf" "Mozilla/5.0 (Windows NT 10.0; Win64; x64) AppleWebKit/537.36 (KHTML, like Gecko) Chrome/147.0.0.0 Safari/537.36"
122.55.94.34 - - [16/Apr/2026:12:56:35 -0600] "GET /wp-includes/js/wp-emoji-release.min.js?ver=6.9.4 HTTP/1.1" 200 22762 "http://thelomad.com/sapp-wp-signon.php?pass=ar385nfvs9nqoomqamdycosuiby9d6pf" "Mozilla/5.0 (Windows NT 10.0; Win64; x64) AppleWebKit/537.36 (KHTML, like Gecko) Chrome/147.0.0.0 Safari/537.36"
122.55.94.34 - - [16/Apr/2026:12:56:36 -0600] "GET /favicon.ico HTTP/1.1" 500 55 "http://thelomad.com/sapp-wp-signon.php?pass=ar385nfvs9nqoomqamdycosuiby9d6pf" "Mozilla/5.0 (Windows NT 10.0; Win64; x64) AppleWebKit/537.36 (KHTML, like Gecko) Chrome/147.0.0.0 Safari/537.36"
66.249.65.164 - - [16/Apr/2026:12:57:14 -0600] "GET /kwwkbv/t116168733 HTTP/1.1" 404 25 "-" "Mozilla/5.0 (Linux; Android 6.0.1; Nexus 5X Build/MMB29P) AppleWebKit/537.36 (KHTML, like Gecko) Chrome/146.0.7680.177 Mobile Safari/537.36 (compatible; GoogleOther)"
162.240.221.145 - - [16/Apr/2026:12:56:32 -0600] "POST /wp-cron.php?doing_wp_cron=1776365792.4909980297088623046875 HTTP/1.1" 500 2653 "-" "WordPress/6.9.4; https://thelomad.com"
209.222.82.235 - - [16/Apr/2026:12:58:22 -0600] "GET / HTTP/1.0" 404 - "-" "Mozilla/4.0 (compatible; MSIE 8.0; Windows NT 6.1; WOW64; Trident/4.0; SLCC2; .NET CLR 2.0.50727; .NET CLR 3.5.30729; .NET CLR 3.0.30729)"
209.222.82.235 - - [16/Apr/2026:12:58:22 -0600] "GET / HTTP/1.0" 404 - "-" "Mozilla/4.0 (compatible; MSIE 8.0; Windows NT 6.1; WOW64; Trident/4.0; SLCC2; .NET CLR 2.0.50727; .NET CLR 3.5.30729; .NET CLR 3.0.30729)"
209.222.82.235 - - [16/Apr/2026:12:58:22 -0600] "GET / HTTP/1.0" 404 - "-" "Mozilla/4.0 (compatible; MSIE 8.0; Windows NT 6.1; WOW64; Trident/4.0; SLCC2; .NET CLR 2.0.50727; .NET CLR 3.5.30729; .NET CLR 3.0.30729)"
18.205.176.227 - - [16/Apr/2026:12:58:54 -0600] "GET / HTTP/1.1" 404 - "-" "Mozilla/5.0 (Windows NT 10.0; Win64; x64) AppleWebKit/537.36 (KHTML, like Gecko) Chrome/139.0.0.0 Safari/537.36"
18.205.176.227 - - [16/Apr/2026:12:58:54 -0600] "GET / HTTP/1.1" 404 - "-" "Mozilla/5.0 (Windows NT 10.0; Win64; x64) AppleWebKit/537.36 (KHTML, like Gecko) Chrome/139.0.0.0 Safari/537.36"
18.205.176.227 - - [16/Apr/2026:12:58:54 -0600] "GET / HTTP/1.1" 404 - "-" "Mozilla/5.0 (Windows NT 10.0; Win64; x64) AppleWebKit/537.36 (KHTML, like Gecko) Chrome/139.0.0.0 Safari/537.36"
18.205.176.227 - - [16/Apr/2026:12:58:54 -0600] "GET / HTTP/1.1" 404 - "-" "Mozilla/5.0 (Windows NT 10.0; Win64; x64) AppleWebKit/537.36 (KHTML, like Gecko) Chrome/139.0.0.0 Safari/537.36"
18.205.176.227 - - [16/Apr/2026:12:58:54 -0600] "GET / HTTP/1.1" 404 - "-" "Mozilla/5.0 (Windows NT 10.0; Win64; x64) AppleWebKit/537.36 (KHTML, like Gecko) Chrome/139.0.0.0 Safari/537.36"
3.145.101.103 - - [16/Apr/2026:12:59:10 -0600] "GET / HTTP/1.1" 301 - "-" "Mozilla/5.0 (Windows NT 10.0; Win64; x64) AppleWebKit/537.36 (KHTML, like Gecko) Chrome/139.0.0.0 Safari/537.36"
3.145.101.103 - - [16/Apr/2026:12:59:10 -0600] "GET / HTTP/1.1" 301 - "-" "Mozilla/5.0 (Windows NT 10.0; Win64; x64) AppleWebKit/537.36 (KHTML, like Gecko) Chrome/139.0.0.0 Safari/537.36"
3.145.101.103 - - [16/Apr/2026:12:59:10 -0600] "GET / HTTP/1.1" 301 - "-" "Mozilla/5.0 (Windows NT 10.0; Win64; x64) AppleWebKit/537.36 (KHTML, like Gecko) Chrome/139.0.0.0 Safari/537.36"
162.240.221.145 - - [16/Apr/2026:12:59:13 -0600] "POST /wp-cron.php?doing_wp_cron=1776365953.7993669509887695312500 HTTP/1.1" 404 23758 "-" "WordPress/6.9.4; https://thelomad.com"
162.240.221.145 - - [16/Apr/2026:12:59:13 -0600] "POST /wp-cron.php?doing_wp_cron=1776365953.8190739154815673828125 HTTP/1.1" 404 23758 "-" "WordPress/6.9.4; https://thelomad.com"
162.240.221.145 - - [16/Apr/2026:12:59:13 -0600] "POST /wp-cron.php?doing_wp_cron=1776365953.7938890457153320312500 HTTP/1.1" 404 23779 "-" "WordPress/6.9.4; https://thelomad.com"
209.222.82.20 - - [16/Apr/2026:13:00:01 -0600] "GET / HTTP/1.0" 301 - "-" "Mozilla/4.0 (compatible; MSIE 8.0; Windows NT 6.1; WOW64; Trident/4.0; SLCC2; .NET CLR 2.0.50727; .NET CLR 3.5.30729; .NET CLR 3.0.30729)"
216.244.66.242 - - [16/Apr/2026:13:00:04 -0600] "GET /the-team/legal-assistants-and-paralegals/thomas-m-dickinson/lomad-test.getmad.today/sitemap HTTP/1.1" 200 - "-" "Mozilla/5.0 (compatible; DotBot/1.2; +https://opensiteexplorer.org/dotbot; help@moz.com)"
209.222.82.20 - - [16/Apr/2026:13:00:04 -0600] "GET / HTTP/1.0" 301 - "-" "Mozilla/4.0 (compatible; MSIE 8.0; Windows NT 6.1; WOW64; Trident/4.0; SLCC2; .NET CLR 2.0.50727; .NET CLR 3.5.30729; .NET CLR 3.0.30729)"
209.222.82.20 - - [16/Apr/2026:13:00:05 -0600] "GET / HTTP/1.0" 301 - "-" "Mozilla/4.0 (compatible; MSIE 8.0; Windows NT 6.1; WOW64; Trident/4.0; SLCC2; .NET CLR 2.0.50727; .NET CLR 3.5.30729; .NET CLR 3.0.30729)"
98.92.187.116 - - [16/Apr/2026:13:00:21 -0600] "GET / HTTP/1.1" 301 - "-" "Mozilla/5.0 (Windows NT 10.0; Win64; x64) AppleWebKit/537.36 (KHTML, like Gecko) Chrome/139.0.0.0 Safari/537.36"
98.92.187.116 - - [16/Apr/2026:13:00:21 -0600] "GET / HTTP/1.1" 301 - "-" "Mozilla/5.0 (Windows NT 10.0; Win64; x64) AppleWebKit/537.36 (KHTML, like Gecko) Chrome/139.0.0.0 Safari/537.36"
98.92.187.116 - - [16/Apr/2026:13:00:21 -0600] "GET / HTTP/1.1" 301 - "-" "Mozilla/5.0 (Windows NT 10.0; Win64; x64) AppleWebKit/537.36 (KHTML, like Gecko) Chrome/139.0.0.0 Safari/537.36"
98.92.187.116 - - [16/Apr/2026:13:00:21 -0600] "GET / HTTP/1.1" 301 - "-" "Mozilla/5.0 (Windows NT 10.0; Win64; x64) AppleWebKit/537.36 (KHTML, like Gecko) Chrome/139.0.0.0 Safari/537.36"
18.221.18.136 - - [16/Apr/2026:13:00:22 -0600] "GET / HTTP/1.1" 301 - "-" "Mozilla/5.0 (Windows NT 10.0; Win64; x64) AppleWebKit/537.36 (KHTML, like Gecko) Chrome/139.0.0.0 Safari/537.36"
18.221.18.136 - - [16/Apr/2026:13:00:22 -0600] "GET / HTTP/1.1" 301 - "-" "Mozilla/5.0 (Windows NT 10.0; Win64; x64) AppleWebKit/537.36 (KHTML, like Gecko) Chrome/139.0.0.0 Safari/537.36"
18.221.18.136 - - [16/Apr/2026:13:00:22 -0600] "GET / HTTP/1.1" 301 - "-" "Mozilla/5.0 (Windows NT 10.0; Win64; x64) AppleWebKit/537.36 (KHTML, like Gecko) Chrome/139.0.0.0 Safari/537.36"
18.221.18.136 - - [16/Apr/2026:13:00:22 -0600] "GET / HTTP/1.1" 301 - "-" "Mozilla/5.0 (Windows NT 10.0; Win64; x64) AppleWebKit/537.36 (KHTML, like Gecko) Chrome/139.0.0.0 Safari/537.36"
3.81.27.5 - - [16/Apr/2026:13:00:35 -0600] "GET /lomad-vip/ HTTP/1.1" 200 66191 "-" "Mozilla/5.0 (Windows NT 10.0; Win64; x64) AppleWebKit/537.36 (KHTML, like Gecko) Chrome/139.0.0.0 Safari/537.36"
3.81.27.5 - - [16/Apr/2026:13:00:35 -0600] "GET / HTTP/1.1" 301 - "-" "Mozilla/5.0 (Windows NT 10.0; Win64; x64) AppleWebKit/537.36 (KHTML, like Gecko) Chrome/139.0.0.0 Safari/537.36"
3.81.27.5 - - [16/Apr/2026:13:00:35 -0600] "GET / HTTP/1.1" 301 - "-" "Mozilla/5.0 (Windows NT 10.0; Win64; x64) AppleWebKit/537.36 (KHTML, like Gecko) Chrome/139.0.0.0 Safari/537.36"
3.224.210.53 - - [16/Apr/2026:13:00:42 -0600] "GET /lomad-vip/ HTTP/1.1" 200 66191 "-" "Mozilla/5.0 (Windows NT 10.0; Win64; x64) AppleWebKit/537.36 (KHTML, like Gecko) Chrome/139.0.0.0 Safari/537.36"
